NOAA-Style Climate Reports

2014: Jan | Feb | Mar | Apr | May | Jun | Jul | Aug | Sep | Oct | Nov | Dec 
2013: Jan | Feb | Mar | Apr | May | Jun | Jul | Aug | Sep | Oct | Nov | Dec 
2012: Jan | Feb | Mar | Apr | May | Jun | Jul | Aug | Sep | Oct | Nov | Dec 
2011: Jan | Feb | Mar | Apr | May | Jun | Jul | Aug | Sep | Oct | Nov | Dec 
2010: Jan | Feb | Mar | Apr | May | Jun | Jul | Aug | Sep | Oct | Nov | Dec 
2009: Jan | Feb | Mar | Apr | May | Jun | Jul | Aug | Sep | Oct | Nov | Dec 

Report for 2014 10
MONTHLY CLIMATOLOGICAL SUMMARY FOR 10/2014 HEAT COOL MEAN DEG DEG WIND SPEED DOM MEAN MEAN DAY TEMP HIGH TIME LOW TIME DAYS DAYS RAIN AVG HI TIME DIR BAROM HUM --------------------------------------------------------------------------------------- 1 71.1 88.1 3:02pm 57.5 6:24am 2 8 0.00 1 10 4:11pm SE 29.91 73 2 73.1 85.6 12:51pm 61.4 5:34am 1 9 0.02 2 17 1:33pm SE 29.92 80 3 66.6 76.6 1:25pm 53.7 11:57pm 2 3 0.66 2 16 3:19pm W 29.84 84 4 50.0 62.7 1:44pm 36.8 11:56pm 15 0 0.00 2 17 11:25am WNW 29.99 66 5 53.7 73.5 2:54pm 34.0 4:53am 12 1 0.00 2 17 1:15pm SSW 29.95 71 6 63.9 74.3 12:29pm 55.0 12:00am 3 2 0.03 1 14 2:41pm SSW 29.89 80 7 67.4 80.2 3:39pm 58.8 3:05am 1 4 0.04 1 14 12:06pm SSW 29.92 89 8 72.3 82.8 1:31pm 64.2 11:59pm 0 7 0.01 0 7 5:05am ENE 30.03 84 9 70.6 85.3 2:11pm 60.0 3:15am 1 7 0.00 1 9 11:24am SE 30.03 83 10 71.9 80.8 2:58pm 64.6 6:32am 0 7 1.63 1 12 2:57pm SSW 29.93 90 11 67.0 73.6 1:58pm 61.6 11:57pm 1 3 0.57 1 8 4:18pm NE 29.97 93 12 65.7 72.2 11:48am 60.8 6:27am 1 2 0.16 1 12 8:48pm SE 29.97 93 13 70.2 79.6 3:28pm 64.0 9:43pm 0 5 4.23 5 34 5:36pm SE 29.85 88 14 60.1 65.4 12:04am 52.8 11:56pm 5 0 0.69 2 24 3:21am SW 29.72 91 15 55.5 60.2 2:41pm 52.4 3:24am 10 0 0.04 1 11 11:57am W 29.85 92 16 57.4 69.9 4:00pm 47.8 11:58pm 8 1 0.01 1 9 10:47am W 29.90 85 17 62.0 79.3 2:08pm 46.2 2:53am 7 4 0.00 1 12 2:20pm W 29.88 81 18 56.7 68.2 1:13pm 45.9 11:58pm 9 0 0.00 1 11 10:41am NE 30.00 81 19 51.7 67.5 4:02pm 40.6 6:36am 13 0 0.01 1 8 9:27am ENE 30.14 84 20 53.8 68.9 3:27pm 39.7 6:13am 11 0 0.00 0 9 10:44am W 30.05 84 21 57.9 72.4 3:18pm 47.5 1:59am 9 1 0.00 1 12 12:53pm NE 30.03 78 22 52.2 64.3 3:26pm 40.9 6:04am 13 0 0.00 1 14 3:15pm NE 30.16 76 23 43.8 45.1 2:17am 42.3 1:05am 3 0 0.00 0 4 2:11am NE 30.17 94 --------------------------------------------------------------------------------------- TOT 62.2 88.1 10/1/14 34.0 10/5/14 126 64 8.10 1 31 10/13/14 SE 29.95 83 HEAT BASE: 65.0 COOL BASE: 65.0