NOAA-Style Climate Reports

2014: Jan | Feb | Mar | Apr | May | Jun | Jul | Aug | Sep | Oct | Nov | Dec 
2013: Jan | Feb | Mar | Apr | May | Jun | Jul | Aug | Sep | Oct | Nov | Dec 
2012: Jan | Feb | Mar | Apr | May | Jun | Jul | Aug | Sep | Oct | Nov | Dec 
2011: Jan | Feb | Mar | Apr | May | Jun | Jul | Aug | Sep | Oct | Nov | Dec 
2010: Jan | Feb | Mar | Apr | May | Jun | Jul | Aug | Sep | Oct | Nov | Dec 
2009: Jan | Feb | Mar | Apr | May | Jun | Jul | Aug | Sep | Oct | Nov | Dec 

Report for 2014 09
MONTHLY CLIMATOLOGICAL SUMMARY FOR 9/2014 HEAT COOL MEAN DEG DEG WIND SPEED DOM MEAN MEAN DAY TEMP HIGH TIME LOW TIME DAYS DAYS RAIN AVG HI TIME DIR BAROM HUM --------------------------------------------------------------------------------------- 1 79.2 90.2 1:59pm 70.3 11:41pm 0 14 0.00 1 7 9:32am SE 30.01 80 2 78.1 90.9 2:07pm 69.7 12:41am 0 13 0.00 1 11 4:49pm SW 29.98 84 3 77.6 88.6 4:01pm 70.9 11:58pm 0 12 0.00 0 7 1:44pm WSW 29.97 85 4 75.7 90.2 5:34pm 69.4 3:04am 0 11 0.00 1 7 11:52am SE 30.04 86 5 77.8 90.9 5:13pm 68.6 5:12am 0 13 0.00 0 8 5:33pm SE 30.06 83 6 77.8 93.4 3:03pm 68.3 5:55am 0 13 0.01 1 14 3:18pm NE 29.99 82 7 73.2 82.0 5:00pm 66.7 11:32pm 0 8 0.00 2 10 2:42am NE 30.00 89 8 72.3 87.2 4:46pm 66.8 12:00am 0 7 0.00 1 5 1:51pm NE 30.00 87 9 76.8 91.6 4:55pm 65.9 2:20am 0 12 0.00 1 8 7:01pm SE 29.99 81 10 78.2 88.2 2:23pm 71.1 5:02am 0 13 0.00 2 14 9:18am SE 29.91 84 11 77.4 85.9 3:12pm 71.8 6:23am 0 12 0.00 1 11 12:59pm NE 29.94 87 12 70.4 76.2 2:08pm 65.4 11:58pm 0 5 0.00 1 9 2:44am NE 30.03 91 13 61.9 65.5 12:00am 57.1 11:38pm 3 0 0.00 2 14 6:09pm NE 30.15 93 14 65.7 81.7 4:17pm 54.0 6:13am 4 5 0.00 1 8 1:21pm NE 30.16 82 15 70.0 83.6 3:30pm 57.9 4:14am 2 6 0.00 0 6 10:41am ESE 30.11 87 16 70.1 81.2 11:24am 62.4 6:24am 0 5 0.00 1 8 12:00pm NE 30.04 87 17 66.7 77.5 2:22pm 55.9 6:47am 2 3 0.00 0 7 9:30am NE 29.96 77 18 66.8 76.9 1:40pm 60.0 12:00am 2 3 0.32 0 7 10:25am E 29.95 88 19 71.7 87.1 4:35pm 59.0 5:42am 1 8 0.00 1 9 9:50am ESE 29.99 81 20 73.1 87.7 4:38pm 63.7 11:39pm 0 8 0.00 1 13 10:51am SE 30.03 80 21 73.1 86.7 2:03pm 60.9 11:59pm 1 9 0.00 1 11 10:22am W 29.95 80 22 62.8 75.0 3:16pm 50.6 11:29pm 5 2 0.00 1 14 10:59am NE 30.10 72 23 62.0 80.2 3:51pm 46.8 3:27am 7 4 0.00 1 10 9:18am NE 30.18 72 24 64.7 82.1 4:48pm 50.4 6:18am 5 5 0.00 1 12 9:02am E 30.22 77 25 68.0 83.7 3:43pm 53.9 6:47am 3 6 0.00 1 10 12:57pm NE 30.17 76 26 69.7 82.3 3:29pm 57.2 6:30am 2 7 0.00 1 8 9:52am E 30.11 81 27 68.4 78.7 3:24pm 59.8 11:59pm 1 5 0.00 2 13 1:51pm SE 30.10 83 28 69.4 83.8 3:55pm 58.9 12:39am 1 6 0.00 1 8 10:13am ESE 30.06 82 29 70.7 84.9 2:06pm 58.9 6:30am 1 7 0.00 1 9 1:10pm NE 29.95 78 30 60.6 77.7 9:59am 55.7 6:39am 2 0 0.00 0 6 9:13am SE 29.91 93 --------------------------------------------------------------------------------------- TOT 71.2 93.4 9/6/14 46.8 9/23/14 41 222 0.33 1 14 9/6/14 NE 30.04 83 HEAT BASE: 65.0 COOL BASE: 65.0