NOAA-Style Climate Reports

2014: Jan | Feb | Mar | Apr | May | Jun | Jul | Aug | Sep | Oct | Nov | Dec 
2013: Jan | Feb | Mar | Apr | May | Jun | Jul | Aug | Sep | Oct | Nov | Dec 
2012: Jan | Feb | Mar | Apr | May | Jun | Jul | Aug | Sep | Oct | Nov | Dec 
2011: Jan | Feb | Mar | Apr | May | Jun | Jul | Aug | Sep | Oct | Nov | Dec 
2010: Jan | Feb | Mar | Apr | May | Jun | Jul | Aug | Sep | Oct | Nov | Dec 
2009: Jan | Feb | Mar | Apr | May | Jun | Jul | Aug | Sep | Oct | Nov | Dec 

Report for 2014 07
MONTHLY CLIMATOLOGICAL SUMMARY FOR 7/2014 HEAT COOL MEAN DEG DEG WIND SPEED DOM MEAN MEAN DAY TEMP HIGH TIME LOW TIME DAYS DAYS RAIN AVG HI TIME DIR BAROM HUM --------------------------------------------------------------------------------------- 1 80.3 91.5 3:34pm 69.1 11:58pm 0 15 0.00 1 13 10:16pm SW 29.90 80 2 76.3 88.1 3:31pm 64.9 5:24am 0 11 0.00 1 7 12:34pm W 29.95 81 3 71.6 80.0 1:24pm 61.3 11:53pm 0 7 0.00 1 12 12:17pm NE 30.05 78 4 68.5 80.3 5:14pm 57.8 5:01am 2 5 0.00 2 13 12:59pm NE 30.18 76 5 71.1 87.8 5:30pm 54.8 5:30am 2 8 0.00 1 10 1:49pm SE 30.15 72 6 75.1 89.4 4:29pm 60.9 5:48am 1 11 0.00 1 9 12:54pm SE 30.03 74 7 76.3 88.4 3:08pm 62.1 5:51am 0 11 0.00 1 11 1:59pm SE 29.96 80 8 74.9 85.5 2:12pm 68.4 11:16pm 0 9 1.24 0 10 12:33pm SW 29.95 88 9 73.8 81.9 4:04pm 66.6 5:22am 0 9 0.16 1 8 3:51pm WSW 29.97 87 10 77.2 87.2 4:28pm 68.5 11:58pm 0 12 0.00 0 10 3:28pm NE 30.02 75 11 77.7 92.0 5:35pm 64.9 5:18am 0 12 0.00 1 7 2:37pm E 30.10 74 12 79.1 93.0 4:51pm 67.4 5:57am 0 14 0.00 0 6 4:55pm E 30.09 77 13 80.5 92.7 5:40pm 69.6 6:01am 0 15 0.00 0 8 12:34pm SE 30.02 78 14 78.5 92.0 1:50pm 69.7 11:57pm 0 13 0.21 1 13 3:54pm SW 29.92 82 15 72.2 81.8 4:14pm 60.7 11:43pm 0 8 0.02 1 11 3:14pm NE 29.89 81 16 66.1 78.3 4:57pm 53.8 6:08am 3 4 0.00 1 16 11:00am NE 29.97 76 17 67.7 79.5 1:55pm 55.8 2:36am 2 5 0.00 0 10 12:54pm NE 30.02 77 18 64.4 66.0 12:26am 61.8 2:28pm 1 0 1.68 1 8 10:21pm ENE 30.03 92 19 70.8 77.4 1:11pm 65.2 12:00am 0 6 0.76 1 11 1:39am SE 29.94 90 20 73.8 83.3 3:16pm 67.4 11:58pm 0 9 0.00 0 6 12:55pm E 29.98 84 21 76.6 89.2 4:02pm 65.3 4:21am 0 11 0.00 1 8 4:24pm NE 30.00 81 22 77.8 87.9 5:53pm 69.0 5:32am 0 23 0.00 1 9 11:49am E 30.03 84 23 76.6 86.9 2:52pm 69.6 5:11am 0 12 0.00 0 7 2:04pm SE 30.00 86 24 74.6 85.2 4:30pm 65.2 11:30pm 0 9 0.00 1 9 1:00pm NE 29.94 82 25 73.4 87.1 5:27pm 62.4 3:33am 0 9 0.01 1 6 8:30am E 29.98 79 26 76.7 89.5 4:43pm 62.3 6:02am 0 12 0.00 1 8 1:26pm SE 29.97 81 27 80.8 91.5 3:38pm 71.2 3:01am 0 16 0.00 1 12 3:14pm W 29.92 83 28 76.4 82.7 2:36pm 65.7 6:26am 0 10 0.04 1 15 3:48pm NE 29.94 76 --------------------------------------------------------------------------------------- TOT 74.6 93.0 7/12/14 54.0 7/16/14 12 288 4.12 1 16 7/16/14 E 30.00 81 HEAT BASE: 65.0 COOL BASE: 65.0