NOAA-Style Climate Reports

2014: Jan | Feb | Mar | Apr | May | Jun | Jul | Aug | Sep | Oct | Nov | Dec 
2013: Jan | Feb | Mar | Apr | May | Jun | Jul | Aug | Sep | Oct | Nov | Dec 
2012: Jan | Feb | Mar | Apr | May | Jun | Jul | Aug | Sep | Oct | Nov | Dec 
2011: Jan | Feb | Mar | Apr | May | Jun | Jul | Aug | Sep | Oct | Nov | Dec 
2010: Jan | Feb | Mar | Apr | May | Jun | Jul | Aug | Sep | Oct | Nov | Dec 
2009: Jan | Feb | Mar | Apr | May | Jun | Jul | Aug | Sep | Oct | Nov | Dec 

Report for 2014 04
MONTHLY CLIMATOLOGICAL SUMMARY FOR 4/2014 HEAT COOL MEAN DEG DEG WIND SPEED DOM MEAN MEAN DAY TEMP HIGH TIME LOW TIME DAYS DAYS RAIN AVG HI TIME DIR BAROM HUM --------------------------------------------------------------------------------------- 1 67.7 80.4 4:08pm 55.1 6:54am 2 5 0.00 2 14 5:02pm SSW 30.03 46 2 67.3 79.2 2:07pm 55.3 6:51am 3 5 0.00 2 16 4:32pm SSE 30.00 70 3 69.9 81.3 3:23pm 62.2 4:28am 0 5 0.00 4 16 4:12pm SSE 29.88 78 4 60.9 68.5 12:00am 45.5 11:58pm 5 0 0.53 3 21 5:36am WNW 29.84 79 5 47.8 56.2 3:55pm 35.2 6:45am 17 0 0.00 2 15 9:04am NE 30.10 69 6 52.2 64.6 2:24pm 42.0 6:09am 13 0 1.04 2 13 11:19pm NNE 29.96 70 7 53.5 61.1 11:15am 45.4 11:59pm 12 0 0.13 4 24 12:31am SE 29.66 91 8 48.6 61.4 2:12pm 35.1 6:37am 16 0 0.17 1 8 11:58am W 29.83 85 9 54.0 66.6 4:00pm 43.1 6:42am 11 0 0.00 2 12 12:30pm W 30.07 64 10 58.4 75.0 3:48pm 37.6 5:38am 9 3 0.00 3 18 12:54pm S 30.12 60 11 63.1 75.9 4:10pm 51.2 6:30am 5 3 0.02 2 15 10:33am SSW 30.10 67 12 65.4 79.1 4:44pm 51.8 3:15am 4 4 0.01 3 19 12:20pm SSE 30.06 73 13 69.1 79.5 12:43pm 56.9 6:40am 2 6 0.00 4 23 3:14pm SSE 29.93 70 14 61.8 69.9 12:27am 45.1 11:59pm 4 1 0.69 4 26 7:31am SSE 29.77 87 15 41.7 49.5 3:32pm 31.4 11:58pm 23 0 0.20 3 17 3:48am NE 30.05 71 16 45.4 62.2 4:56pm 29.7 1:40am 20 0 0.00 2 13 9:14am NE 30.24 57 17 55.5 66.8 3:53pm 45.6 12:00am 9 0 0.00 4 25 8:54am SE 30.28 60 18 58.0 66.5 2:29pm 52.5 4:39am 4 0 0.00 1 12 10:38am SE 30.25 69 --------------------------------------------------------------------------------------- TOT 57.8 81.3 4/3/14 29.7 4/16/14 158 32 2.79 3 25 4/14/14 SSE 30.00 70 HEAT BASE: 65.0 COOL BASE: 65.0