NOAA-Style Climate Reports

2014: Jan | Feb | Mar | Apr | May | Jun | Jul | Aug | Sep | Oct | Nov | Dec 
2013: Jan | Feb | Mar | Apr | May | Jun | Jul | Aug | Sep | Oct | Nov | Dec 
2012: Jan | Feb | Mar | Apr | May | Jun | Jul | Aug | Sep | Oct | Nov | Dec 
2011: Jan | Feb | Mar | Apr | May | Jun | Jul | Aug | Sep | Oct | Nov | Dec 
2010: Jan | Feb | Mar | Apr | May | Jun | Jul | Aug | Sep | Oct | Nov | Dec 
2009: Jan | Feb | Mar | Apr | May | Jun | Jul | Aug | Sep | Oct | Nov | Dec 

Report for 2014 08
MONTHLY CLIMATOLOGICAL SUMMARY FOR 8/2014 HEAT COOL MEAN DEG DEG WIND SPEED DOM MEAN MEAN DAY TEMP HIGH TIME LOW TIME DAYS DAYS RAIN AVG HI TIME DIR BAROM HUM --------------------------------------------------------------------------------------- 1 72.5 84.9 4:49pm 61.0 4:42am 1 8 0.00 1 8 1:19pm E 30.01 81 2 75.6 88.4 1:30pm 66.8 12:00am 0 11 0.00 1 8 2:34pm NE 30.01 81 3 75.5 89.1 4:56pm 63.3 5:50am 0 11 0.00 1 6 10:48am ENE 30.03 77 4 75.3 89.2 5:46pm 63.3 5:58am 0 10 0.00 1 8 12:15pm E 30.02 75 5 75.7 90.4 3:48pm 59.5 6:05am 1 12 0.00 1 10 1:06pm WSW 30.02 74 6 79.0 93.0 3:59pm 66.1 5:09am 0 13 0.00 0 13 4:31pm W 29.98 78 7 79.2 93.4 3:08pm 68.7 6:30am 0 14 0.00 1 9 6:46pm SE 29.93 78 8 74.5 88.9 12:35pm 69.0 2:03am 0 9 0.63 1 14 2:49pm SE 29.92 88 9 74.9 84.7 4:59pm 69.4 3:07am 0 10 0.07 0 7 10:48am SE 29.94 89 10 78.3 89.1 4:27pm 72.6 3:32am 0 13 0.00 0 6 12:33pm SW 29.94 85 11 77.1 87.7 12:05pm 70.4 5:29am 0 12 0.06 1 11 1:48pm SSW 29.89 87 12 75.2 84.8 11:15am 63.3 11:51pm 0 10 0.00 1 12 2:28pm WNW 29.88 80 13 68.7 79.9 5:06pm 55.5 5:46am 2 5 0.01 1 12 11:35am NE 30.01 76 14 70.2 84.4 4:50pm 55.7 6:22am 3 8 0.00 1 9 12:59pm NE 30.02 74 15 73.0 87.3 2:48pm 57.9 5:55am 1 9 0.00 0 9 3:50pm NE 29.99 74 16 74.3 88.6 3:24pm 61.5 6:23am 1 10 0.00 1 8 10:46am SE 29.97 77 17 73.2 84.5 10:08am 65.3 4:02am 0 8 0.45 0 11 10:56am SE 29.92 90 18 73.3 87.4 12:35pm 68.1 11:34pm 0 8 2.93 1 12 12:56pm SE 29.86 90 19 77.3 90.4 4:21pm 68.3 12:00am 0 12 0.00 1 9 2:00pm WSW 29.86 85 20 81.1 92.3 2:32pm 71.4 2:35am 0 16 0.00 0 9 2:40pm W 29.96 81 21 70.3 76.8 7:59am 68.5 6:02am 0 2 0.00 0 0 12:00am N 30.04 91 --------------------------------------------------------------------------------------- TOT 75.1 93.4 8/7/14 55.5 8/13/14 8 211 4.15 1 13 8/8/14 SE 29.96 81 HEAT BASE: 65.0 COOL BASE: 65.0