NOAA-Style Climate Reports

2014: Jan | Feb | Mar | Apr | May | Jun | Jul | Aug | Sep | Oct | Nov | Dec 
2013: Jan | Feb | Mar | Apr | May | Jun | Jul | Aug | Sep | Oct | Nov | Dec 
2012: Jan | Feb | Mar | Apr | May | Jun | Jul | Aug | Sep | Oct | Nov | Dec 
2011: Jan | Feb | Mar | Apr | May | Jun | Jul | Aug | Sep | Oct | Nov | Dec 
2010: Jan | Feb | Mar | Apr | May | Jun | Jul | Aug | Sep | Oct | Nov | Dec 
2009: Jan | Feb | Mar | Apr | May | Jun | Jul | Aug | Sep | Oct | Nov | Dec 

Report for 2009 03
MONTHLY CLIMATOLOGICAL SUMMARY FOR 3/2009 HEAT COOL MEAN DEG DEG WIND SPEED DOM MEAN MEAN DAY TEMP HIGH TIME LOW TIME DAYS DAYS RAIN AVG HI TIME DIR BAROM HUM --------------------------------------------------------------------------------------- 1 33.1 43.7 3:18pm 26.2 11:55pm 32 0 0.04 14 31 1:21pm N 29.26 69 2 29.0 40.6 2:42pm 21.9 6:21am 36 0 83.54 9 21 2:44pm N 29.46 57 3 29.0 40.6 2:42pm 21.9 6:21am 36 0 0.00 9 21 2:44pm N 29.46 57 4 5 6 65.2 74.6 3:43pm 55.5 11:29pm 1 2 0.00 9 26 12:59pm SSE 29.34 63 7 64.4 76.8 2:25pm 54.3 1:31am 3 3 83.54 9 25 3:44pm SSE 29.33 69 8 64.4 76.8 2:25pm 54.3 1:31am 3 3 0.00 9 25 3:44pm SSE 29.32 70 9 66.5 84.0 3:23pm 55.2 6:47am 3 5 0.00 3 13 4:46pm SSE 29.30 73 10 66.9 77.5 12:41pm 42.4 12:50am 2 4 83.54 8 29 12:47pm SSE 29.70 68 11 58.2 48.5 12:40pm 39.5 11:44pm 15 4 0.00 10 72 1:10pm N189322.89 66 12 35.4 39.7 2:05am 32.7 11:49am 28 0 0.70 11 72 12:51am NNE 30.32 76 13 38.7 42.9 11:37am 33.6 12:00am 26 0 0.53 6 17 7:21pm NNE 30.17 87 14 49.1 53.0 3:43pm 42.6 12:00am 15 0 1.47 3 11 6:35am ESE 29.98 90 15 53.0 57.3 4:09pm 48.0 11:07pm 12 0 0.20 2 9 1:38pm SW 30.03 88 16 53.6 66.5 4:28pm 43.5 11:56pm 11 0 0.00 2 12 2:46pm NW 30.16 83 17 56.9 75.7 4:47pm 39.9 6:21am 10 2 0.00 2 22 5:48am N 30.21 67 18 60.2 76.2 3:46pm 46.0 5:01am 7 3 0.00 4 18 12:15pm SSE 30.14 59 19 52.6 64.9 2:53pm 43.3 9:48pm 11 0 0.00 5 20 2:53pm N 30.16 69 20 48.7 62.6 3:49pm 35.9 6:52am 27 0 0.00 6 22 2:43pm N 30.28 41 21 51.4 70.8 2:25pm 33.6 6:22am 29 0 0.00 1 8 11:18am N 30.30 40 22 59.1 75.9 3:20pm 44.6 7:06am 7 2 0.00 5 19 10:03am SE 30.27 48 23 59.8 73.2 3:08pm 47.1 6:53am 6 1 0.00 6 26 1:57pm SE 30.17 52 24 62.1 74.3 1:50pm 51.2 2:15am 5 2 0.24 11 37 2:40pm SE 30.05 58 25 58.2 64.5 6:12pm 55.2 9:29pm 7 0 0.80 11 31 3:44am SSE 29.92 84 26 58.5 71.4 5:39pm 50.1 6:58am 7 1 2.59 5 20 12:01am WSW 29.83 78 27 62.4 73.2 3:06pm 56.4 12:00am 4 2 0.20 4 15 11:42am NE 29.73 75 28 60.9 75.7 3:35pm 44.0 9:52pm 5 2 0.16 13 38 7:41pm SE 29.54 74 29 44.1 55.5 4:37pm 36.8 11:59pm 21 0 0.00 9 30 1:53am WSW 29.79 66 30 50.2 66.7 5:07pm 32.7 3:25am 15 0 0.00 3 22 3:25pm ESE 30.00 57 31 54.2 58.6 10:56am 50.5 12:55am 12 0 0.41 9 28 10:32am SE2484865.00 73 --------------------------------------------------------------------------------------- TOT 53.3 84.0 3/9/09 15.9 3/3/09 399 33 7.34 7 72 3/11/09 SSE6243007.00 68 HEAT BASE: 65.0 COOL BASE: 65.0