NOAA-Style Climate Reports

2014: Jan | Feb | Mar | Apr | May | Jun | Jul | Aug | Sep | Oct | Nov | Dec 
2013: Jan | Feb | Mar | Apr | May | Jun | Jul | Aug | Sep | Oct | Nov | Dec 
2012: Jan | Feb | Mar | Apr | May | Jun | Jul | Aug | Sep | Oct | Nov | Dec 
2011: Jan | Feb | Mar | Apr | May | Jun | Jul | Aug | Sep | Oct | Nov | Dec 
2010: Jan | Feb | Mar | Apr | May | Jun | Jul | Aug | Sep | Oct | Nov | Dec 
2009: Jan | Feb | Mar | Apr | May | Jun | Jul | Aug | Sep | Oct | Nov | Dec 

Report for 2009 04
MONTHLY CLIMATOLOGICAL SUMMARY FOR 4/2009 HEAT COOL MEAN DEG DEG WIND SPEED DOM MEAN MEAN DAY TEMP HIGH TIME LOW TIME DAYS DAYS RAIN AVG HI TIME DIR BAROM HUM --------------------------------------------------------------------------------------- 1 57.2 73.5 3:24pm 36.6 6:55am 9 2 0.00 4 14 1:48am WSW 29.87 48 2 58.0 73.2 1:17pm 51.6 3:27am 6 0 2.24 7 28 4:22pm ESE 29.54 82 3 52.8 63.6 2:57pm 41.5 11:28pm 12 0 0.00 6 23 3:25am W 29.73 70 4 56.8 76.6 3:47pm 41.0 1:10am 10 2 0.00 4 11 7:39am NNE2847984.25 56 5 59.3 69.0 12:21pm 45.1 11:58pm 6 0 0.28 9 29 9:06pm SSE 29.77 70 6 39.9 45.1 12:00am 34.8 11:29pm 25 0 0.08 9 28 10:37am W 29.88 75 7 40.6 52.5 4:11pm 33.0 6:08am 24 0 0.00 7 23 11:50am W 29.99 57 8 52.0 72.1 4:14pm 32.7 4:24am 14 1 0.00 6 27 1:16pm WSW311053.16 47 9 60.3 74.8 3:22pm 44.2 5:35am 7 2 0.00 7 23 7:33pm SSE 29.85 51 10 59.7 69.9 11:15am 52.7 6:11am 6 1 0.76 11 32 11:37am SSE 29.78 75 11 50.4 60.4 4:52pm 41.5 11:50pm 15 0 0.00 5 18 1:14am NW 30.10 77 12 54.6 70.8 2:05pm 36.8 6:46am 11 1 0.22 7 28 9:52pm ESE 30.03 69 13 63.6 76.6 4:15pm 55.9 10:13pm 4 2 0.10 9 28 12:37am SSE 29.76 72 14 48.6 56.3 12:00am 42.0 6:21am 16 0 0.00 6 19 12:43am W 29.90 74 15 51.0 64.9 4:52pm 44.0 11:42pm 14 0 0.00 6 16 11:54am NW 30.08 67 16 53.5 69.6 2:44pm 37.2 3:41am 12 1 0.00 4 15 12:04am NNE2959502.50 68 17 61.9 77.0 4:32pm 49.2 5:24am 6 3 0.00 6 23 11:36am ESE 30.25 55 18 59.4 71.7 3:56pm 40.6 7:02am 6 0 0.04 6 17 11:14am SE2823222.75 58 19 58.6 65.1 4:35pm 52.5 11:19pm 7 0 0.90 7 23 12:08pm SE 29.85 86 20 58.0 69.9 4:06pm 51.2 9:18pm 8 1 0.02 6 20 4:57pm WSW623720.00 65 21 54.5 65.4 3:24pm 41.1 11:38pm 11 0 0.02 6 28 10:54am WSW 29.88 54 22 56.3 74.8 3:54pm 37.9 5:21am 11 1 0.00 3 16 4:53pm WSW 30.00 55 23 67.2 84.5 4:07pm 50.9 4:17am 5 6 0.00 4 20 1:49pm SSE 30.06 63 24 70.8 85.4 3:48pm 55.9 6:10am 2 7 0.00 7 28 4:58pm SSE311888.56 54 25 71.5 86.3 3:57pm 56.1 6:32am 2 8 0.00 6 26 1:46pm SSE 30.24 56 26 71.5 83.8 4:34pm 57.7 2:45am 3 8 0.00 7 27 4:44pm SE3219171.50 57 27 71.5 82.5 2:04pm 58.6 5:49am 1 7 0.00 9 25 12:15pm SE 30.24 58 28 71.0 83.8 3:51pm 63.1 4:28am 0 6 0.00 4 22 8:55am SSE 30.27 64 29 68.3 78.6 11:45am 62.4 6:27am 1 4 0.10 4 20 2:29pm SE 30.20 78 30 69.6 79.1 3:04pm 21.3 5:18am 2 5 0.02 9 29 12:30pm SSE 30.11 72 --------------------------------------------------------------------------------------- TOT 59.0 86.3 4/25/09 -14.6 4/18/09 258 68 4.79 6 32 4/10/09 SSE429415.62 64 HEAT BASE: 65.0 COOL BASE: 65.0