NOAA-Style Climate Reports

2014: Jan | Feb | Mar | Apr | May | Jun | Jul | Aug | Sep | Oct | Nov | Dec 
2013: Jan | Feb | Mar | Apr | May | Jun | Jul | Aug | Sep | Oct | Nov | Dec 
2012: Jan | Feb | Mar | Apr | May | Jun | Jul | Aug | Sep | Oct | Nov | Dec 
2011: Jan | Feb | Mar | Apr | May | Jun | Jul | Aug | Sep | Oct | Nov | Dec 
2010: Jan | Feb | Mar | Apr | May | Jun | Jul | Aug | Sep | Oct | Nov | Dec 
2009: Jan | Feb | Mar | Apr | May | Jun | Jul | Aug | Sep | Oct | Nov | Dec 

Report for 2009 07
MONTHLY CLIMATOLOGICAL SUMMARY FOR 7/2009 HEAT COOL MEAN DEG DEG WIND SPEED DOM MEAN MEAN DAY TEMP HIGH TIME LOW TIME DAYS DAYS RAIN AVG HI TIME DIR BAROM HUM --------------------------------------------------------------------------------------- 1 76.8 87.9 2:59pm 64.7 11:47pm 0 12 0.00 4 17 1:09pm WSW 29.79 61 2 74.6 87.6 3:29pm 60.6 4:00am 1 10 0.00 3 17 10:31am WSW 29.95 67 3 74.1 87.6 3:52pm 61.1 5:27am 1 10 0.00 3 57 5:14am NNE 30.06 63 4 77.5 93.0 3:54pm 62.5 2:10am 0 13 0.06 3 17 9:15am S316433.16 63 5 74.6 84.9 3:24pm 69.0 4:07am 2 9 6.10 5 57 2:45am SSE 29.85 87 6 72.1 78.6 5:01pm 67.8 11:24pm 0 7 0.00 3 12 12:28pm NNW 29.85 84 7 76.4 88.8 3:22pm 65.8 5:49am 0 11 0.00 3 15 10:03am N 29.85 66 8 76.4 89.2 3:18pm 64.5 6:08am 0 11 0.00 2 13 11:26am NNE 29.88 66 9 77.7 91.2 2:31pm 63.8 5:53am 0 13 0.00 1 10 1:49pm WSW316958.56 68 10 77.8 89.9 3:40pm 67.8 4:56am 0 13 0.00 4 16 1:06pm SE316739.56 73 11 76.6 84.3 4:47pm 68.0 5:05am 1 11 0.00 4 13 5:10pm SE 31.42 80 12 80.3 92.8 1:22pm 72.6 5:32am 0 13 0.02 3 24 2:15pm WSW 30.24 76 13 78.7 86.0 12:31pm 67.8 11:55pm 0 22 0.00 4 114 7:55am WSW 30.08 78 14 78.0 93.0 4:43pm 65.8 5:28am 1 13 0.00 1 10 9:07am NNE2854976.50 71 15 80.4 94.6 2:33pm 67.8 4:11am 1 15 0.06 3 57 11:24pm WSW 30.04 75 16 72.5 86.7 3:54pm 67.1 7:55am 0 8 2.02 2 98 6:52am WSW 30.01 85 17 74.5 85.2 2:36pm 58.8 11:42pm 1 10 0.02 5 18 5:17pm WSW317030.38 75 18 66.1 79.5 3:14pm 54.3 6:07am 4 4 0.00 2 18 11:31am WSW2051594.38 74 19 66.3 80.4 3:14pm 53.0 6:10am 4 5 0.00 2 11 2:43pm WSW 30.12 72 20 68.2 83.3 2:07pm -21.0 6:35pm 5 6 0.00 1 11 3:01pm WSW5394191.50 70 21 67.6 81.1 10:55am 56.3 3:27am 3 5 0.24 3 28 7:07pm SE2855749.75 79 22 70.4 80.7 3:01pm 63.3 11:37pm 0 5 0.24 8 29 8:28am SSE1303623.00 85 23 71.4 83.4 2:49pm 61.3 3:26am 1 7 0.00 3 14 3:15pm WSW 29.98 77 24 74.4 87.9 2:37pm 60.6 5:30am 2 10 0.00 2 14 12:36pm WSW317553.62 74 25 77.0 89.2 3:08pm 66.0 6:00am 0 12 0.00 4 18 9:51am WSW 29.98 73 26 77.1 86.3 2:59pm 69.4 11:55pm 1 12 0.00 3 17 7:33am WSW 29.96 74 27 77.9 91.9 2:37pm 68.7 11:13pm 0 13 0.00 1 8 5:46am WSW 29.99 75 28 71.7 75.9 1:26pm 67.6 3:10am 1 7 0.12 4 28 6:04pm SSE2540180.75 89 29 76.2 87.0 2:00pm 69.6 6:07am 0 11 0.08 5 17 10:48am SSW2859690.00 81 30 76.0 87.0 4:08pm 69.9 11:25pm 1 11 0.10 6 29 8:04pm SSE 29.94 81 31 75.8 87.4 3:34pm -20.9 3:07pm 1 11 0.22 3 18 12:15am WSW317773.69 79 --------------------------------------------------------------------------------------- TOT 74.6 94.6 7/15/09 -21.0 7/20/09 32 321 9.30 3 114 7/13/09 WSW701575.38 75 HEAT BASE: 65.0 COOL BASE: 65.0