NOAA-Style Climate Reports

2014: Jan | Feb | Mar | Apr | May | Jun | Jul | Aug | Sep | Oct | Nov | Dec 
2013: Jan | Feb | Mar | Apr | May | Jun | Jul | Aug | Sep | Oct | Nov | Dec 
2012: Jan | Feb | Mar | Apr | May | Jun | Jul | Aug | Sep | Oct | Nov | Dec 
2011: Jan | Feb | Mar | Apr | May | Jun | Jul | Aug | Sep | Oct | Nov | Dec 
2010: Jan | Feb | Mar | Apr | May | Jun | Jul | Aug | Sep | Oct | Nov | Dec 
2009: Jan | Feb | Mar | Apr | May | Jun | Jul | Aug | Sep | Oct | Nov | Dec 

Report for 2009 09
MONTHLY CLIMATOLOGICAL SUMMARY FOR 9/2009 HEAT COOL MEAN DEG DEG WIND SPEED DOM MEAN MEAN DAY TEMP HIGH TIME LOW TIME DAYS DAYS RAIN AVG HI TIME DIR BAROM HUM --------------------------------------------------------------------------------------- 1 2 3 4 5 6 7 8 9 10 11 12 75.0 83.8 3:58pm 69.4 11:53pm 0 3 0.00 3 22 3:58pm NNE 29.58 72 13 72.0 80.0 3:01pm 64.2 5:44am 0 7 0.00 2 68 9:43am NNE 29.94 77 14 73.8 81.6 3:11pm 68.3 6:24am 1 6 0.22 4 13 3:19pm SE 29.94 81 15 74.4 84.3 3:48pm 68.7 5:59am 0 9 0.00 3 14 2:39pm ESE1284132.50 83 16 72.5 82.9 1:46pm 68.5 6:31pm 0 7 0.61 4 20 5:15pm ENE 29.89 85 17 70.2 77.5 3:42pm 64.7 12:05pm 0 5 1.57 4 18 10:26am WSW 29.94 88 18 72.2 81.6 2:37pm 67.6 3:46am 0 6 1.28 2 13 3:48pm ESE 29.98 87 19 70.8 79.1 12:57pm 66.5 2:48am 0 5 0.41 5 17 2:14pm SE321309.91 88 20 72.1 82.9 1:02pm 67.1 5:47pm 0 7 1.44 6 17 3:09pm SE 29.99 88 21 71.6 77.7 4:46pm 69.0 12:00am 0 7 0.10 4 15 12:29pm SSE 30.00 89 22 73.4 82.5 2:57pm 68.7 12:43am 0 8 0.35 6 20 9:07am SE 30.03 88 23 71.4 77.9 2:48pm 67.2 3:54am 0 6 0.85 3 17 12:05am SE321586.16 89 24 74.8 85.1 2:24pm 68.7 5:45am 0 10 0.00 2 12 1:00pm SSE 30.05 84 25 72.8 84.0 12:15pm 66.5 6:00am 0 8 0.00 2 12 4:44pm NW 30.04 87 26 69.3 79.1 3:23pm 64.2 11:47pm 0 4 0.84 2 12 9:19am WSW 29.92 89 27 67.3 78.9 3:15pm 57.0 6:47am 2 4 0.00 3 15 12:36pm WSW 29.82 77 28 66.8 73.5 2:37pm 53.2 11:56pm 2 4 0.00 5 18 1:37pm WSW 29.84 64 29 55.6 69.8 2:21pm 44.7 7:11am 8 0 0.00 2 15 2:08pm W385114.81 71 30 57.5 71.9 3:20pm 43.7 6:23am 9 1 0.00 1 10 10:18am NNE1608531.00 75 --------------------------------------------------------------------------------------- TOT 70.1 85.1 9/24/09 43.7 9/30/09 23 110 7.73 3 68 9/13/09 SE212395.22 83 HEAT BASE: 65.0 COOL BASE: 65.0