NOAA-Style Climate Reports

2014: Jan | Feb | Mar | Apr | May | Jun | Jul | Aug | Sep | Oct | Nov | Dec 
2013: Jan | Feb | Mar | Apr | May | Jun | Jul | Aug | Sep | Oct | Nov | Dec 
2012: Jan | Feb | Mar | Apr | May | Jun | Jul | Aug | Sep | Oct | Nov | Dec 
2011: Jan | Feb | Mar | Apr | May | Jun | Jul | Aug | Sep | Oct | Nov | Dec 
2010: Jan | Feb | Mar | Apr | May | Jun | Jul | Aug | Sep | Oct | Nov | Dec 
2009: Jan | Feb | Mar | Apr | May | Jun | Jul | Aug | Sep | Oct | Nov | Dec 

Report for 2009 10
MONTHLY CLIMATOLOGICAL SUMMARY FOR 10/2009 HEAT COOL MEAN DEG DEG WIND SPEED DOM MEAN MEAN DAY TEMP HIGH TIME LOW TIME DAYS DAYS RAIN AVG HI TIME DIR BAROM HUM --------------------------------------------------------------------------------------- 1 62.3 76.4 3:21pm 49.2 6:33am 5 3 0.00 3 14 1:09pm SSE 29.93 74 2 63.2 73.7 3:19pm 50.3 11:18pm 4 2 0.43 5 18 1:36am WSW 29.81 71 3 58.7 73.5 2:45pm 46.7 6:41am 8 2 0.00 3 18 1:57pm WSW 29.91 67 4 54.1 59.7 11:18am 50.9 10:39pm 11 0 1.79 2 16 8:05pm NE 30.01 84 5 57.6 61.8 4:00pm 51.6 12:00am 7 0 0.02 3 14 2:33am NE 29.93 88 6 64.8 70.7 10:03pm 58.8 12:00am 3 2 0.81 6 18 10:30pm SSE321737.00 91 7 62.5 71.7 3:19pm 53.7 11:57pm 4 1 0.00 3 16 12:50am NW 30.01 73 8 68.1 83.1 4:14pm 51.9 1:19am 3 6 0.00 6 20 10:22pm SSE 29.99 78 9 71.2 84.3 1:17pm 62.4 8:40pm 1 7 0.41 8 23 1:19pm SSE 29.86 86 10 54.8 62.4 12:00am 51.6 11:45pm 10 0 0.06 5 17 4:14am N 30.06 88 11 55.8 66.0 4:34pm 51.0 7:03am 9 0 0.00 2 8 2:33am N 30.14 82 12 59.5 67.8 2:26pm 53.2 12:43am 6 0 0.39 2 75 3:19pm SE 30.08 89 13 63.7 69.6 12:13pm 61.5 6:15am 2 1 0.67 2 20 9:06pm NE 30.10 88 14 64.4 68.5 3:59pm 61.8 1:12am 1 1 0.02 3 14 5:55am SE 29.90 91 15 61.2 73.5 1:32pm 49.8 11:40pm 5 1 0.61 6 18 4:04pm NW 29.76 88 16 47.3 51.6 1:18pm 42.4 11:57pm 18 0 0.02 7 19 3:55pm NW 29.95 85 17 43.0 49.2 4:07pm 37.0 10:37pm 22 0 0.00 8 21 11:55am NW322842.16 79 18 43.7 59.9 3:52pm 33.4 7:00am 21 0 0.00 4 19 1:02pm NNW 30.28 73 19 48.1 68.3 2:56pm 31.2 4:48am 17 0 0.00 2 11 10:26am SSE 30.22 70 20 53.5 73.7 4:20pm 38.4 7:16am 13 1 0.00 3 13 11:33am SSE 30.18 67 21 55.9 70.8 1:21pm 40.8 4:54am 10 1 0.00 3 18 12:45pm ESE322911.47 74 22 64.4 76.4 2:11pm 54.6 6:08am 4 3 0.00 9 28 2:03pm SE2261729.00 74 23 61.7 67.6 1:06am 49.6 11:41pm 4 0 1.02 10 26 3:44am SW 29.68 83 24 48.6 59.3 3:53pm 39.9 10:46pm 16 0 0.00 3 14 2:19pm WSW 29.88 79 25 49.8 67.2 3:54pm 35.2 7:03am 15 0 0.00 1 9 10:56am WSW322911.31 69 26 55.2 69.6 2:40pm 43.7 6:12am 10 1 0.00 3 14 4:06pm SE 30.04 73 27 55.4 58.6 8:26pm 53.2 2:18am 10 0 0.53 5 19 9:24pm ESE 29.82 89 28 55.8 65.8 2:35pm 49.1 11:43pm 9 0 0.00 1 9 3:09pm WSW 29.93 84 29 58.2 68.9 4:12pm 48.0 3:03am 7 0 0.26 5 20 1:26pm SE 29.98 85 30 66.2 73.9 2:36pm 53.7 11:56pm 2 3 1.85 12 33 1:10pm SE 29.83 80 31 50.7 63.3 4:32pm 42.0 11:28pm 14 0 0.41 3 17 12:39am WSW 29.96 78 --------------------------------------------------------------------------------------- TOT 57.4 154.4 10/19/09 31.2 10/19/09 271 35 9.32 4 75 10/12/09 SE114832.39 80 HEAT BASE: 65.0 COOL BASE: 65.0