NOAA-Style Climate Reports

2014: Jan | Feb | Mar | Apr | May | Jun | Jul | Aug | Sep | Oct | Nov | Dec 
2013: Jan | Feb | Mar | Apr | May | Jun | Jul | Aug | Sep | Oct | Nov | Dec 
2012: Jan | Feb | Mar | Apr | May | Jun | Jul | Aug | Sep | Oct | Nov | Dec 
2011: Jan | Feb | Mar | Apr | May | Jun | Jul | Aug | Sep | Oct | Nov | Dec 
2010: Jan | Feb | Mar | Apr | May | Jun | Jul | Aug | Sep | Oct | Nov | Dec 
2009: Jan | Feb | Mar | Apr | May | Jun | Jul | Aug | Sep | Oct | Nov | Dec 

Report for 2009 11
MONTHLY CLIMATOLOGICAL SUMMARY FOR 11/2009 HEAT COOL MEAN DEG DEG WIND SPEED DOM MEAN MEAN DAY TEMP HIGH TIME LOW TIME DAYS DAYS RAIN AVG HI TIME DIR BAROM HUM --------------------------------------------------------------------------------------- 1 49.1 64.9 1:45pm 37.9 6:02am 16 0 0.00 2 54 10:57am N1291519.50 66 2 53.4 74.4 1:25pm 36.1 3:25am 13 2 0.00 0 9 11:19am NNE 30.13 62 3 53.8 67.6 1:35pm 42.6 11:22pm 12 0 0.00 3 16 10:20am N 30.22 60 4 52.9 75.0 1:48pm 34.3 4:12am 13 2 0.00 2 75 9:45am WSW 30.22 68 5 50.4 69.9 1:33pm 36.6 6:24am 15 0 0.00 2 14 8:22am NNW 30.31 57 6 52.8 72.1 12:13pm 35.2 2:59am 13 1 0.00 1 12 12:56pm SE 30.22 54 7 56.6 73.5 1:20pm 43.1 6:27am 10 2 0.00 4 18 10:39am SSE 30.14 55 8 59.0 74.8 2:29pm 42.9 6:58am 8 2 0.00 1 12 2:06pm SSE 30.19 62 9 62.1 69.2 12:22pm 53.7 6:30am 4 1 0.00 2 19 11:54am ESE 30.22 68 10 58.4 62.7 2:42pm 54.5 11:03pm 7 0 0.29 7 20 2:29pm NNE 30.09 78 11 55.0 65.4 12:54pm 46.2 11:50pm 10 0 0.00 11 25 9:52am N 30.03 66 12 49.3 62.4 1:52pm 37.9 6:39am 16 0 0.00 6 18 12:11pm N 29.98 59 13 53.4 71.2 2:05pm 34.8 6:17am 12 1 0.00 0 7 12:26pm WSW 29.88 60 14 52.9 68.7 1:34pm 38.8 5:04am 12 0 0.00 1 61 1:29pm SSE 29.92 63 15 56.2 72.6 1:53pm 42.6 5:51am 10 1 0.00 0 8 12:15pm WSW 29.98 70 16 57.2 70.3 12:33pm 43.5 5:12am 8 1 0.02 4 15 6:52pm SE 29.92 76 17 45.9 57.3 12:00am 41.7 10:41pm 19 0 0.08 6 20 10:11am SW 29.91 78 18 43.7 47.1 12:57pm 41.1 3:07am 22 0 0.00 2 11 3:36pm SSE973149.69 79 19 48.4 61.1 2:31pm 37.5 6:27am 17 0 0.00 1 10 11:22am SW 30.13 72 20 50.8 64.0 1:06pm 37.5 5:47am 14 0 0.00 2 13 10:43am NNE 30.12 68 21 55.0 66.2 1:05pm 45.5 6:57am 10 0 0.00 2 11 10:03am NE 30.04 59 22 49.4 52.8 12:09am 47.1 11:30pm 16 0 0.17 4 14 1:43pm ESE 30.01 81 23 49.3 51.6 2:43pm 46.9 12:15am 16 0 0.00 2 10 3:19am SE 30.07 89 24 53.3 61.8 12:48pm 48.7 5:24am 11 0 0.00 5 16 12:46pm SE 30.03 79 25 48.6 59.5 1:43pm 39.5 6:45am 16 0 0.00 2 13 11:39am WSW 30.00 70 26 41.0 50.1 1:10pm 32.1 11:03pm 24 0 0.00 4 21 2:48pm WNW 30.02 64 27 40.1 54.5 2:47pm 26.7 6:43am 25 0 0.00 1 11 10:19am WSW 30.06 62 28 49.2 67.2 2:43pm 31.8 4:20am 16 0 0.00 3 14 1:32pm S 30.01 63 29 51.0 58.2 11:31am 43.8 1:02am 14 0 0.12 4 16 11:03am SSE 29.92 79 30 43.3 54.1 1:58am 28.5 11:39pm 22 0 0.63 6 24 9:34am NW 29.97 85 --------------------------------------------------------------------------------------- TOT 51.4 75.0 11/4/09 26.7 11/27/09 421 12 1.31 3 75 11/4/09 SSE75676.29 68 HEAT BASE: 65.0 COOL BASE: 65.0