NOAA-Style Climate Reports

2014: Jan | Feb | Mar | Apr | May | Jun | Jul | Aug | Sep | Oct | Nov | Dec 
2013: Jan | Feb | Mar | Apr | May | Jun | Jul | Aug | Sep | Oct | Nov | Dec 
2012: Jan | Feb | Mar | Apr | May | Jun | Jul | Aug | Sep | Oct | Nov | Dec 
2011: Jan | Feb | Mar | Apr | May | Jun | Jul | Aug | Sep | Oct | Nov | Dec 
2010: Jan | Feb | Mar | Apr | May | Jun | Jul | Aug | Sep | Oct | Nov | Dec 
2009: Jan | Feb | Mar | Apr | May | Jun | Jul | Aug | Sep | Oct | Nov | Dec 

Report for 2010 02
MONTHLY CLIMATOLOGICAL SUMMARY FOR 2/2010 HEAT COOL MEAN DEG DEG WIND SPEED DOM MEAN MEAN DAY TEMP HIGH TIME LOW TIME DAYS DAYS RAIN AVG HI TIME DIR BAROM HUM --------------------------------------------------------------------------------------- 1 35.6 49.8 2:00pm 22.2 5:56am 29 0 0.16 1 11 12:15pm SE 30.25 79 2 41.4 52.1 12:23pm 36.1 11:44pm 24 0 0.02 2 61 3:33am WNW329106.31 79 3 39.2 50.5 3:11pm 32.3 7:16am 26 0 0.00 3 61 6:30am NNE329106.34 65 4 38.4 41.9 3:32pm 34.8 5:17am 27 0 0.90 4 15 3:51pm E658149.19 82 5 41.5 43.7 2:48pm 38.3 11:40pm 23 0 0.74 4 20 7:43pm WSW660904.19 91 6 32.8 38.4 12:18am 29.8 11:29pm 33 0 0.02 8 22 2:55pm NW 29.91 85 7 29.8 31.8 1:02pm 25.7 11:59pm 35 0 0.00 2 11 3:44am NNW 30.13 81 8 30.4 36.3 1:07pm 22.6 2:18am 35 0 0.22 0 8 6:32pm E659065.88 86 9 32.3 41.1 6:03am 21.9 9:01pm 33 0 0.49 9 22 6:33pm W 29.97 84 10 26.9 36.3 1:56pm 22.1 6:24am 38 0 0.00 6 21 12:18am WNW 30.19 72 11 29.3 40.4 2:06pm 20.4 6:54am 36 0 0.00 2 10 10:43am N 30.17 66 12 29.1 35.4 12:31pm 21.7 10:55pm 36 0 0.00 4 15 5:01pm NNE 30.01 59 13 34.5 46.7 3:02pm 24.6 12:00am 31 0 0.00 1 15 2:45pm WSW 30.04 63 14 36.0 40.1 4:46pm 31.1 6:21am 30 0 0.08 3 13 2:29pm SW660273.88 81 15 23.8 34.3 12:00am 17.7 11:54pm 41 0 0.00 5 22 7:41am WSW 30.00 80 16 24.5 29.3 11:11am 16.3 12:52am 41 0 0.00 3 10 10:54pm W330166.03 77 17 31.6 42.4 3:38pm 24.8 7:13am 33 0 0.00 2 15 4:12pm WSW329935.69 67 18 36.4 50.7 2:35pm 22.2 5:06am 29 0 0.00 1 13 1:50pm WSW329936.78 62 19 41.5 56.1 3:28pm 24.9 6:58am 24 0 0.00 0 22 7:55pm NE 30.22 50 20 47.6 62.9 2:50pm 32.1 5:21am 18 0 0.00 1 12 1:26pm ESE659816.56 40 21 52.0 67.1 2:37pm 35.0 5:04am 14 0 0.49 5 20 1:11pm SE 29.99 50 22 44.4 49.1 8:08am 36.5 11:43pm 21 0 0.02 3 12 1:22pm WNW1319623.00 89 23 36.3 41.7 2:44pm 35.4 11:27am 29 0 0.00 4 16 12:21pm NW329936.94 79 24 31.5 40.6 12:45pm 21.9 11:28pm 34 0 0.00 4 22 5:09pm WNW 30.05 66 25 29.2 42.0 2:37pm 17.7 6:27am 36 0 0.00 2 22 6:00pm NW 30.16 59 26 34.1 48.0 3:21pm 21.3 4:17am 31 0 0.96 2 15 9:58am WSW 30.10 55 27 36.9 50.7 2:42pm 24.0 2:19am 28 0 0.00 3 20 2:16pm WSW 29.98 51 28 39.5 52.8 3:47pm 28.7 6:39am 26 0 0.00 3 15 10:54am NW330778.12 60 --------------------------------------------------------------------------------------- TOT 35.2 67.1 2/21/10 12.3 2/23/10 840 0 4.11 3 61 2/2/10 WSW247426.41 70 HEAT BASE: 65.0 COOL BASE: 65.0