NOAA-Style Climate Reports

2014: Jan | Feb | Mar | Apr | May | Jun | Jul | Aug | Sep | Oct | Nov | Dec 
2013: Jan | Feb | Mar | Apr | May | Jun | Jul | Aug | Sep | Oct | Nov | Dec 
2012: Jan | Feb | Mar | Apr | May | Jun | Jul | Aug | Sep | Oct | Nov | Dec 
2011: Jan | Feb | Mar | Apr | May | Jun | Jul | Aug | Sep | Oct | Nov | Dec 
2010: Jan | Feb | Mar | Apr | May | Jun | Jul | Aug | Sep | Oct | Nov | Dec 
2009: Jan | Feb | Mar | Apr | May | Jun | Jul | Aug | Sep | Oct | Nov | Dec 

Report for 2010 03
MONTHLY CLIMATOLOGICAL SUMMARY FOR 3/2010 HEAT COOL MEAN DEG DEG WIND SPEED DOM MEAN MEAN DAY TEMP HIGH TIME LOW TIME DAYS DAYS RAIN AVG HI TIME DIR BAROM HUM --------------------------------------------------------------------------------------- 1 39.3 48.3 1:03pm 31.6 2:33am 26 0 0.00 4 17 7:05pm NNE330776.72 67 2 35.8 38.4 12:00am 32.9 7:17am 29 0 0.00 8 22 11:51am NNW 29.91 80 3 34.0 39.3 2:04pm 27.1 11:59pm 31 0 0.00 4 14 1:38am NW 30.05 73 4 37.4 51.8 2:52pm 23.5 4:57am 28 0 0.00 2 13 12:58pm NW 30.17 56 5 40.2 52.8 2:46pm 25.3 5:44am 25 0 0.00 2 12 1:03pm WSW 30.28 46 6 43.7 57.3 3:18pm 27.3 2:37am 22 0 0.00 2 57 9:00am WSW 30.34 40 7 43.0 60.7 6:44am 32.7 1:32am 12 0 0.00 1 9 11:51am SSW 30.31 46 8 56.7 73.5 1:36pm 41.5 5:41am 10 2 0.00 2 15 2:38pm WSW 30.10 47 9 52.7 60.9 2:42pm 47.4 2:22am 12 0 0.31 6 22 12:57am SE 29.95 70 10 56.4 64.2 1:00pm 52.8 3:24am 9 0 0.00 11 24 10:36pm SE331007.66 84 11 59.3 71.2 2:53pm 51.6 11:53pm 8 1 0.92 7 21 1:47pm SE 29.73 72 12 52.2 62.4 1:34pm 46.0 9:56pm 13 0 0.80 6 26 8:40am WSW 29.67 73 13 44.8 49.2 10:57am 41.5 6:34am 20 0 0.17 6 20 11:51am WSW 29.65 81 14 45.4 50.5 1:48pm 42.4 7:20am 19 0 0.02 6 20 7:15pm WSW 29.79 86 15 45.3 49.6 12:15pm 41.9 2:28am 20 0 0.00 8 20 10:15pm NW 30.07 79 16 45.3 48.2 3:24pm 43.3 6:16am 20 0 0.00 6 22 9:36am NNW 30.18 77 17 46.7 51.0 12:34pm 44.4 5:07am 18 0 0.00 4 14 1:43pm NNW 30.09 81 18 52.5 65.3 2:16pm 43.1 5:40am 12 0 0.02 3 16 1:48pm NNW 30.06 67 19 56.3 69.4 3:50pm 41.3 6:30am 9 1 0.00 2 14 12:55pm WSW 30.08 51 20 55.4 69.2 1:21pm 43.1 5:24am 10 0 0.00 4 24 2:21pm SSE330777.62 58 21 46.5 55.4 2:56am 33.4 11:05pm 18 0 0.80 7 31 1:41pm ESE 29.80 80 22 37.5 42.0 11:06pm 32.9 8:51am 28 0 0.02 3 14 1:47am SSE330776.28 89 23 52.0 67.8 4:14pm 39.0 12:34am 13 0 0.00 2 15 1:29pm WSW 30.05 74 24 58.2 73.0 3:27pm 43.3 6:39am 8 2 0.00 4 19 3:27pm SSE 30.07 65 25 53.9 62.6 4:09pm 49.1 11:57pm 12 0 0.74 10 27 5:19pm SSE 29.82 85 26 47.2 57.5 3:48pm 40.8 7:23am 18 0 0.00 8 22 12:27am NW 30.02 72 27 52.1 67.6 4:36pm 34.3 6:03am 13 0 0.00 10 27 2:17pm SE 30.02 69 28 51.8 56.4 12:00am 45.3 11:56pm 13 0 0.41 11 27 1:32am WSW 29.85 80 29 50.6 62.2 3:06pm 40.8 6:45am 14 0 0.00 9 22 4:10pm NW 29.95 64 30 53.1 67.8 4:21pm 38.1 6:11am 12 0 0.00 2 15 1:25pm NW331466.81 57 31 60.3 77.3 3:32pm 43.8 3:57am 7 3 0.00 4 19 3:15pm SSE 30.06 55 --------------------------------------------------------------------------------------- TOT 48.7 133.8 3/6/10 23.5 3/4/10 511 9 4.18 5 57 3/6/10 WSW53466.98 68 HEAT BASE: 65.0 COOL BASE: 65.0