NOAA-Style Climate Reports

2014: Jan | Feb | Mar | Apr | May | Jun | Jul | Aug | Sep | Oct | Nov | Dec 
2013: Jan | Feb | Mar | Apr | May | Jun | Jul | Aug | Sep | Oct | Nov | Dec 
2012: Jan | Feb | Mar | Apr | May | Jun | Jul | Aug | Sep | Oct | Nov | Dec 
2011: Jan | Feb | Mar | Apr | May | Jun | Jul | Aug | Sep | Oct | Nov | Dec 
2010: Jan | Feb | Mar | Apr | May | Jun | Jul | Aug | Sep | Oct | Nov | Dec 
2009: Jan | Feb | Mar | Apr | May | Jun | Jul | Aug | Sep | Oct | Nov | Dec 

Report for 2010 05
MONTHLY CLIMATOLOGICAL SUMMARY FOR 5/2010 HEAT COOL MEAN DEG DEG WIND SPEED DOM MEAN MEAN DAY TEMP HIGH TIME LOW TIME DAYS DAYS RAIN AVG HI TIME DIR BAROM HUM --------------------------------------------------------------------------------------- 1 70.0 74.5 2:22pm 64.6 4:42pm 0 2 1.15 11 51 4:36pm SE709481.94 87 2 71.1 74.5 10:21am 62.2 11:25pm 0 3 3.42 12 36 6:50am SSE 29.69 88 3 68.8 80.8 3:03pm 57.4 11:54pm 1 3 0.02 1 11 2:33pm WSW 29.89 68 4 69.4 84.4 2:21pm 53.6 5:35am 1 3 0.00 1 11 3:02pm WSW 29.92 60 5 71.9 84.0 2:33pm 57.2 6:29am 1 4 0.00 3 17 2:16pm WSW 29.90 61 6 73.6 86.2 2:53pm 59.7 5:38am 0 4 0.00 1 12 2:40pm WSW 29.92 63 7 76.0 86.5 3:17pm 64.9 4:33am 0 5 0.00 8 26 3:55pm SSE 29.86 67 8 61.5 74.8 12:00am 50.4 10:16pm 2 0 0.00 8 24 12:16pm NW 30.10 55 9 54.1 64.4 2:34pm 43.3 5:58am 5 0 0.00 3 15 10:54am NNE 30.24 61 10 51.4 54.7 3:40pm 47.5 3:38am 6 0 0.23 4 14 8:00pm SE 30.16 82 11 66.5 79.2 5:00pm 54.0 12:00am 1 2 0.00 9 24 11:45am SE714760.19 80 12 73.2 82.8 4:21pm 66.0 4:42am 0 4 0.00 7 20 9:40am SSE 30.07 77 13 74.4 84.4 3:09pm 65.5 6:07am 0 4 0.00 5 17 7:59am SSE 30.12 78 14 75.0 85.5 3:06pm 66.4 10:36pm 0 5 0.02 3 16 1:45pm WSW714760.50 75 15 73.2 85.6 3:50pm 63.0 4:34am 0 4 0.00 2 16 2:14pm SE 30.09 80 16 67.9 76.8 2:41pm 63.1 10:09pm 0 1 0.81 3 21 9:40am SSE 29.98 88 17 68.2 76.8 2:56pm 60.4 11:38pm 0 2 0.00 4 15 5:24am WSW715826.00 81 18 61.4 69.1 3:59pm 52.2 11:53pm 2 0 0.00 4 15 1:30pm NW 29.92 80 19 62.9 75.0 4:18pm 49.1 4:35am 2 1 0.00 2 10 12:31pm WSW 29.94 73 20 65.1 80.4 2:00pm 55.9 5:37am 1 1 0.59 5 23 12:40pm SE 29.92 81 21 68.4 77.9 3:25pm 63.0 4:39am 0 2 0.15 7 20 11:43am SE714760.44 86 22 72.5 83.3 2:54pm 62.4 3:44am 0 4 0.00 2 12 12:24pm WSW 30.00 81 23 77.0 88.5 2:21pm 63.3 6:04am 0 6 0.00 1 10 9:25am ESE 30.03 74 24 75.5 88.3 2:33pm 65.5 11:37pm 0 5 0.00 2 13 7:45pm NE 30.01 73 25 72.3 82.0 2:45pm 63.5 2:19am 0 4 0.00 4 15 9:04am ESE 30.02 75 26 73.3 84.7 3:05pm 61.0 5:20am 0 4 0.00 1 10 5:31pm WSW714760.31 73 27 74.3 85.8 2:11pm 64.0 4:18am 0 4 0.00 3 12 12:28pm NNW 29.89 76 28 71.4 83.8 3:42pm 63.5 10:03pm 0 3 0.30 4 26 6:50pm N1433737.38 81 29 71.4 80.4 3:20pm 63.5 2:57am 0 3 0.00 2 13 9:27am SE 29.85 80 30 69.9 80.1 1:26pm 65.1 2:48pm 0 2 0.21 2 28 1:56pm SE 29.92 84 31 71.7 81.7 3:56pm 64.2 2:42am 0 3 0.02 3 11 12:14pm WSW 29.95 83 --------------------------------------------------------------------------------------- TOT 69.5 88.5 5/23/10 43.3 5/9/10 25 89 6.92 4 51 5/1/10 SE184191.92 76 HEAT BASE: 65.0 COOL BASE: 65.0