NOAA-Style Climate Reports

2014: Jan | Feb | Mar | Apr | May | Jun | Jul | Aug | Sep | Oct | Nov | Dec 
2013: Jan | Feb | Mar | Apr | May | Jun | Jul | Aug | Sep | Oct | Nov | Dec 
2012: Jan | Feb | Mar | Apr | May | Jun | Jul | Aug | Sep | Oct | Nov | Dec 
2011: Jan | Feb | Mar | Apr | May | Jun | Jul | Aug | Sep | Oct | Nov | Dec 
2010: Jan | Feb | Mar | Apr | May | Jun | Jul | Aug | Sep | Oct | Nov | Dec 
2009: Jan | Feb | Mar | Apr | May | Jun | Jul | Aug | Sep | Oct | Nov | Dec 

Report for 2010 06
MONTHLY CLIMATOLOGICAL SUMMARY FOR 6/2010 HEAT COOL MEAN DEG DEG WIND SPEED DOM MEAN MEAN DAY TEMP HIGH TIME LOW TIME DAYS DAYS RAIN AVG HI TIME DIR BAROM HUM --------------------------------------------------------------------------------------- 1 74.0 85.3 2:15pm 67.1 11:47pm 0 4 0.18 1 13 5:52pm SE 29.92 82 2 74.8 87.1 2:49pm 64.8 3:17am 0 5 0.00 2 17 8:10pm WSW 29.84 79 3 74.7 86.2 2:57pm 65.1 4:27am 0 5 0.00 2 22 3:38pm SSE 29.81 81 4 73.8 83.8 4:05pm 68.2 11:46pm 0 4 0.27 3 16 4:22pm SSE 29.86 85 5 76.7 86.4 3:03pm 68.2 12:01am 0 5 0.00 3 16 1:07pm SSE 29.88 80 6 75.6 85.3 3:17pm 66.0 11:44pm 0 5 0.00 5 19 5:49pm WSW 29.88 79 7 72.9 83.5 2:41pm 61.0 4:55am 0 4 0.00 2 12 12:35pm NNW 30.01 66 8 76.1 84.7 12:45pm 66.0 12:02am 0 5 0.00 3 16 12:38pm SE 30.03 69 9 75.4 86.9 3:16pm 69.1 11:54pm 0 5 0.12 2 14 10:12am SW 30.01 80 10 77.1 84.7 3:50pm 68.4 5:58am 0 10 0.02 1 8 9:39am SSW 30.00 83 11 80.1 88.9 2:55pm 73.6 3:15am 0 7 0.00 5 18 2:13pm SSE 30.03 78 12 13 84.8 92.8 3:17pm 75.7 11:30pm 0 3 0.00 1 10 3:17pm WSW 30.01 72 14 82.9 92.8 1:12pm 72.1 4:04am 0 8 0.00 1 8 12:48pm WSW 29.98 75 15 0.0 0.0 12:28am 0.0 12:28am 0 0 0.00 0 0 12:28am SW 17.32 0 16 79.2 89.2 2:20pm 70.2 11:39pm 0 5 0.00 2 8 10:37am SW 30.01 77 17 76.1 91.8 3:10pm 67.6 11:27pm 0 5 0.10 1 10 5:49pm WSW 30.05 82 18 73.9 79.3 9:51pm 0.0 12:28am 0 1 0.00 0 0 12:28am WSW 29.42 79 19 78.4 89.4 3:09pm 70.9 11:43pm 0 6 0.19 1 15 1:09pm WSW 30.04 82 20 80.4 91.4 3:09pm 68.2 2:52am 0 7 0.00 1 8 2:11pm WSW 30.05 74 21 81.8 93.6 2:32pm 67.8 4:23am 0 8 0.00 0 6 3:38pm WSW 30.05 69 22 82.6 93.7 3:09pm 70.9 5:37am 0 8 0.00 1 19 6:11pm WSW 30.10 72 23 81.2 92.1 3:02pm 70.0 5:51am 0 8 0.00 2 11 1:06pm WSW 30.10 73 24 81.4 93.4 3:03pm 70.2 11:45pm 0 8 0.06 2 22 9:11pm WSW 30.05 74 25 76.5 91.2 12:34pm 68.7 4:47am 0 5 0.02 1 14 12:36pm SSW 30.03 80 26 76.2 90.7 1:51pm 66.0 4:19am 0 5 0.00 2 15 6:31pm SSW723102.69 82 27 79.6 92.1 3:50pm 68.5 3:03am 0 7 0.00 3 15 2:12pm WSW 29.88 76 28 79.9 94.8 2:47pm 69.8 11:50pm 0 7 0.16 4 24 5:02pm SW 29.87 77 29 77.8 88.5 2:17pm 67.8 4:09am 0 6 0.00 1 10 2:43pm WSW 29.98 74 30 78.2 88.0 3:03pm 71.1 11:58pm 0 6 0.00 1 10 1:46pm NNE 30.05 67 --------------------------------------------------------------------------------------- TOT 79.5 94.8 6/28/10 0.0 2/7/36 0 162 1.12 2 24 6/28/10 WSW59893.30 75 HEAT BASE: 65.0 COOL BASE: 65.0