NOAA-Style Climate Reports

2014: Jan | Feb | Mar | Apr | May | Jun | Jul | Aug | Sep | Oct | Nov | Dec 
2013: Jan | Feb | Mar | Apr | May | Jun | Jul | Aug | Sep | Oct | Nov | Dec 
2012: Jan | Feb | Mar | Apr | May | Jun | Jul | Aug | Sep | Oct | Nov | Dec 
2011: Jan | Feb | Mar | Apr | May | Jun | Jul | Aug | Sep | Oct | Nov | Dec 
2010: Jan | Feb | Mar | Apr | May | Jun | Jul | Aug | Sep | Oct | Nov | Dec 
2009: Jan | Feb | Mar | Apr | May | Jun | Jul | Aug | Sep | Oct | Nov | Dec 

Report for 2010 07
MONTHLY CLIMATOLOGICAL SUMMARY FOR 7/2010 HEAT COOL MEAN DEG DEG WIND SPEED DOM MEAN MEAN DAY TEMP HIGH TIME LOW TIME DAYS DAYS RAIN AVG HI TIME DIR BAROM HUM --------------------------------------------------------------------------------------- 1 75.5 85.8 2:32pm 66.0 5:32am 0 5 0.00 3 17 3:55pm NNE 30.13 60 2 76.2 90.1 2:59pm 62.1 5:48am 0 5 0.00 1 13 6:05pm NNE 30.10 58 3 78.2 88.3 2:27pm 69.4 5:58am 0 6 0.00 4 18 10:15am SE 30.09 73 4 77.7 89.4 3:44pm 66.0 5:53am 0 6 0.00 3 15 1:48pm SE 30.06 64 5 78.3 91.2 4:17pm 64.2 5:41am 0 6 0.00 3 15 10:32am WSW 30.02 63 6 81.3 93.4 2:43pm 68.9 5:12am 0 8 0.00 3 17 12:48pm WSW 30.04 63 7 82.0 94.6 2:52pm 68.5 5:12am 0 8 0.00 1 13 3:33pm WSW 30.06 68 8 83.8 96.1 2:34pm 73.2 5:50am 0 9 0.00 1 20 2:41pm NNW 30.02 65 9 79.3 92.8 1:54pm 72.0 11:51pm 0 7 0.90 3 31 2:46pm NW 29.97 77 10 78.4 90.1 3:38pm 71.1 2:21am 0 6 0.00 2 9 2:18pm WSW731814.81 79 11 80.4 91.2 2:28pm 69.1 5:43am 0 7 0.00 2 14 4:26pm WSW 29.88 75 12 76.0 86.7 4:37pm 69.6 6:22am 0 5 0.22 3 33 6:06am WSW 29.82 83 13 76.0 86.7 3:47pm 70.3 2:45am 0 5 0.19 3 17 1:34pm WSW 29.89 83 14 81.1 92.3 2:46pm 69.4 6:03am 0 8 0.00 0 10 11:01am WSW 30.01 75 15 84.4 92.3 3:36pm 75.0 12:28am 0 5 0.00 1 17 1:00pm WSW 29.84 69 16 78.2 92.3 12:39pm 71.4 4:42am 0 6 0.00 2 18 2:52pm SE 29.99 83 17 76.1 86.5 3:47pm 72.1 3:16am 0 5 0.00 4 16 5:54pm SSE 30.03 84 18 80.1 90.1 2:57pm 72.5 5:55am 0 7 0.00 4 24 3:04pm WSW 30.01 79 19 80.4 92.8 3:22pm 73.0 2:21am 0 7 0.00 5 14 6:05pm SSW 30.01 77 20 82.0 93.4 2:58pm 72.7 6:05am 0 8 0.00 4 20 1:47pm WSW 30.06 71 21 83.8 96.4 3:46pm 71.6 4:01am 0 9 0.00 3 19 3:05pm WSW 30.10 69 22 84.8 98.1 2:43pm 72.9 5:49am 0 9 0.00 3 17 1:17pm WSW 30.08 69 23 84.7 98.8 3:07pm 72.3 5:03am 0 9 0.00 2 13 2:35pm WSW 30.07 66 24 83.7 99.9 3:12pm 69.3 5:43am 0 9 0.00 1 15 2:40pm WSW 30.04 66 25 86.6 100.8 3:31pm 75.2 6:05am 0 10 0.00 3 16 2:43pm SSE 30.03 62 26 80.0 96.4 12:19pm 73.8 2:10pm 0 7 0.10 2 20 11:27am WSW 30.04 78 27 80.2 92.8 3:56pm 71.2 6:33am 0 7 0.18 2 13 4:35pm WSW 30.06 78 28 81.9 93.6 2:08pm 72.7 5:58am 0 8 0.00 4 18 3:04pm WSW 30.09 74 29 79.0 93.0 12:22pm 71.6 6:05am 0 7 0.02 3 16 2:29pm WSW 30.04 82 30 68.6 74.8 9:47pm 0.0 12:28am 0 1 0.53 0 3 10:08pm NNW 28.95 85 31 83.8 96.1 2:44pm 72.3 2:27am 0 9 0.00 3 16 2:22pm WSW 29.84 73 --------------------------------------------------------------------------------------- TOT 82.4 96.1 7/31/10 0.0 2/7/36 0 213 2.14 2 16 7/31/10 WSW 29.76 74 HEAT BASE: 65.0 COOL BASE: 65.0