NOAA-Style Climate Reports

2014: Jan | Feb | Mar | Apr | May | Jun | Jul | Aug | Sep | Oct | Nov | Dec 
2013: Jan | Feb | Mar | Apr | May | Jun | Jul | Aug | Sep | Oct | Nov | Dec 
2012: Jan | Feb | Mar | Apr | May | Jun | Jul | Aug | Sep | Oct | Nov | Dec 
2011: Jan | Feb | Mar | Apr | May | Jun | Jul | Aug | Sep | Oct | Nov | Dec 
2010: Jan | Feb | Mar | Apr | May | Jun | Jul | Aug | Sep | Oct | Nov | Dec 
2009: Jan | Feb | Mar | Apr | May | Jun | Jul | Aug | Sep | Oct | Nov | Dec 

Report for 2010 09
MONTHLY CLIMATOLOGICAL SUMMARY FOR 9/2010 HEAT COOL MEAN DEG DEG WIND SPEED DOM MEAN MEAN DAY TEMP HIGH TIME LOW TIME DAYS DAYS RAIN AVG HI TIME DIR BAROM HUM --------------------------------------------------------------------------------------- 1 77.0 91.2 3:39pm 65.3 5:31am 0 6 0.00 4 19 9:54am SE 30.04 70 2 77.9 93.4 3:27pm 62.8 5:53am 0 6 0.00 2 16 12:19pm WSW 29.98 66 3 73.8 84.9 12:20pm 63.0 11:54pm 0 4 0.00 4 18 5:05pm NW 29.95 71 4 0.0 0.0 12:28am 0.0 12:28am 0 1 0.00 0 0 12:28am ESE 17.32 0 5 6 76.4 89.1 5:46pm 70.3 11:56pm 0 1 0.00 2 10 5:46pm SE 30.05 49 7 76.5 93.0 2:06pm 64.9 6:28am 0 5 0.12 3 18 4:19pm ESE 30.11 69 8 75.6 83.1 2:16pm 70.2 1:04am 0 5 0.02 1 9 4:25am NNW 30.06 82 9 75.3 85.8 1:26pm 68.9 6:20am 0 5 0.00 1 8 7:04pm NNE 29.97 74 10 75.3 92.1 1:33pm 67.1 6:44am 0 5 0.06 3 26 2:22pm SE731190.31 75 11 78.8 93.4 2:24pm 70.2 9:56pm 0 6 0.00 4 22 2:27pm WSW 29.90 76 12 71.9 83.3 1:53pm 60.6 11:55pm 0 3 0.00 4 17 1:25pm WSW 30.06 65 13 71.0 88.5 3:04pm 55.0 3:01am 1 4 0.00 2 15 10:52am WSW 30.08 56 14 76.6 93.0 3:14pm 59.9 6:14am 0 6 0.00 2 14 11:55am NNE 30.05 53 15 79.1 94.8 2:02pm 65.7 6:51am 0 7 0.00 3 15 2:27pm SE 30.03 58 16 78.1 92.1 2:33pm 70.9 6:09am 0 6 0.00 4 23 1:13pm SSE 29.98 69 17 76.2 88.5 2:19pm 67.1 11:59pm 0 5 0.00 3 14 12:59pm NNE 30.02 68 18 75.3 93.7 3:26pm 57.7 5:42am 0 5 0.00 2 14 2:09pm NNE 30.07 54 19 79.9 96.1 1:59pm 63.7 6:38am 0 7 0.00 2 22 12:05pm NNE 30.07 54 20 85.9 97.7 2:55pm 66.2 4:30am 0 8 0.00 3 19 2:44pm NE 29.67 40 21 82.1 99.0 1:13pm 66.0 6:09am 0 8 0.00 3 16 1:38pm SSW 30.01 52 22 80.5 96.3 3:41pm 64.6 6:18am 0 7 0.00 2 16 1:48pm WSW 30.09 55 23 80.8 95.4 3:29pm 66.9 6:53am 0 7 0.00 4 19 3:56pm SE 30.12 57 24 79.5 94.3 3:06pm 64.9 6:58am 0 7 0.00 5 18 2:38pm WSW 30.09 58 25 69.0 73.8 12:02am 64.0 11:55pm 0 2 1.77 1 14 5:18am NNE 30.01 88 26 67.4 79.5 3:26pm 59.7 6:55am 1 2 0.00 4 15 5:11pm NNW 29.85 68 27 59.5 73.0 4:00pm 53.6 9:02am 2 0 0.31 5 16 1:19pm NW 29.79 77 28 59.3 73.2 3:50pm 48.7 5:42am 3 2 0.00 1 9 4:01pm WSW 29.56 67 29 62.6 77.2 3:21pm 49.1 6:46am 3 1 0.00 3 18 1:49pm NNE 29.77 61 30 68.6 81.7 3:18pm 56.5 6:35am 1 3 0.00 7 24 11:08am NNW 29.77 56 --------------------------------------------------------------------------------------- TOT 63.5 156.2 2/7/36 0.0 2/7/36 11 134 2.28 4 24 9/30/10 WSW 29.70 61 HEAT BASE: 65.0 COOL BASE: 65.0