NOAA-Style Climate Reports

2014: Jan | Feb | Mar | Apr | May | Jun | Jul | Aug | Sep | Oct | Nov | Dec 
2013: Jan | Feb | Mar | Apr | May | Jun | Jul | Aug | Sep | Oct | Nov | Dec 
2012: Jan | Feb | Mar | Apr | May | Jun | Jul | Aug | Sep | Oct | Nov | Dec 
2011: Jan | Feb | Mar | Apr | May | Jun | Jul | Aug | Sep | Oct | Nov | Dec 
2010: Jan | Feb | Mar | Apr | May | Jun | Jul | Aug | Sep | Oct | Nov | Dec 
2009: Jan | Feb | Mar | Apr | May | Jun | Jul | Aug | Sep | Oct | Nov | Dec 

Report for 2010 10
MONTHLY CLIMATOLOGICAL SUMMARY FOR 10/2010 HEAT COOL MEAN DEG DEG WIND SPEED DOM MEAN MEAN DAY TEMP HIGH TIME LOW TIME DAYS DAYS RAIN AVG HI TIME DIR BAROM HUM --------------------------------------------------------------------------------------- 1 65.2 76.8 2:28pm 55.4 11:44pm 1 1 0.00 6 20 2:49pm NNW 29.93 52 2 62.0 77.9 3:00pm 47.1 5:52am 3 2 0.00 5 21 7:55pm NNW 29.96 53 3 53.3 61.5 1:44pm 45.5 11:52pm 5 0 0.00 8 27 10:58am NNW 30.12 66 4 50.8 64.2 3:16pm 39.6 6:50am 7 0 0.00 4 22 10:56am NNW 30.22 63 5 54.8 70.5 4:00pm 40.3 1:43am 5 0 0.00 3 17 10:00am N 30.26 59 6 58.1 75.6 3:47pm 38.8 6:59am 4 1 0.00 2 14 2:46pm WSW 30.17 50 7 65.2 83.8 3:20pm 46.2 6:30am 2 3 0.00 1 12 3:07pm WSW 30.08 56 8 68.3 84.9 3:32pm 52.0 6:15am 1 3 0.00 1 12 11:52am ESE735012.25 58 9 68.0 86.7 2:01pm 50.2 7:20am 2 3 0.00 1 10 1:29pm WSW 30.03 59 10 68.7 87.3 3:25pm 51.4 6:19am 2 3 0.00 1 8 3:38pm WSW 29.97 54 11 69.2 87.4 1:54pm 52.9 5:27am 1 3 0.00 2 14 12:41pm SSE 29.90 56 12 66.6 79.5 3:16pm 58.6 9:07pm 0 3 0.16 4 14 2:03pm SE 29.46 68 13 63.6 76.3 2:50pm 56.5 6:12am 2 1 0.04 2 11 6:54pm NW 29.98 82 14 58.4 69.4 2:57pm 45.3 11:38pm 3 0 0.00 6 21 11:15am NNW 30.06 62 15 57.9 73.9 3:45pm 44.1 5:37am 4 1 0.00 4 19 4:17pm NW 30.00 51 16 57.6 75.6 3:59pm 39.9 5:16am 5 1 0.00 1 7 9:48am WSW 30.11 54 17 60.5 80.8 3:40pm 40.8 6:09am 4 2 0.00 1 8 2:15pm WSW 30.08 56 18 64.1 81.0 2:22pm 50.2 7:16am 2 2 0.00 1 11 2:05pm SE 29.95 53 19 65.0 82.0 2:16pm 53.8 3:16am 2 2 0.00 2 13 3:43pm NW 29.89 58 20 59.6 73.8 2:51pm 50.7 6:26am 3 1 0.00 2 14 1:26pm NNW 29.93 57 21 62.0 79.7 3:09pm 46.6 6:46am 3 2 0.00 3 17 1:41pm NW 29.97 48 22 62.6 79.9 3:51pm 45.3 6:52am 3 2 0.00 1 9 2:51pm NNE 30.10 38 23 68.7 79.7 4:34pm 49.6 12:28am 0 3 0.00 6 17 2:26pm SE 29.66 36 24 69.6 81.7 2:13pm 59.0 6:44am 1 3 0.15 9 32 11:24pm SSE 29.98 58 25 67.5 78.4 4:06pm 59.7 4:50am 1 2 0.30 8 28 11:48pm SSE 29.75 80 26 52.2 156.2 12:28am 0.0 12:28am 0 1 0.02 1 9 9:28pm SSE 28.19 78 27 64.2 78.6 3:20pm 55.9 3:40am 2 1 0.06 3 14 11:07am SE 29.92 72 28 59.5 68.9 1:32pm 46.2 11:59pm 3 0 0.00 6 18 10:57pm NW 30.14 49 29 50.2 156.2 12:28am 0.0 12:28am 4 1 0.00 3 19 9:36am WSW 29.75 48 30 53.6 71.2 12:28am 34.7 12:28am 1 2 0.00 2 11 3:57pm SSE 29.10 41 31 56.9 75.0 3:15pm 39.0 5:09am 5 1 0.00 2 15 12:54pm WSW 30.00 56 --------------------------------------------------------------------------------------- TOT 56.0 156.2 2/7/36 0.0 2/7/36 83 51 1.23 2 15 10/31/10 WSW 29.77 52 HEAT BASE: 65.0 COOL BASE: 65.0