NOAA-Style Climate Reports

2014: Jan | Feb | Mar | Apr | May | Jun | Jul | Aug | Sep | Oct | Nov | Dec 
2013: Jan | Feb | Mar | Apr | May | Jun | Jul | Aug | Sep | Oct | Nov | Dec 
2012: Jan | Feb | Mar | Apr | May | Jun | Jul | Aug | Sep | Oct | Nov | Dec 
2011: Jan | Feb | Mar | Apr | May | Jun | Jul | Aug | Sep | Oct | Nov | Dec 
2010: Jan | Feb | Mar | Apr | May | Jun | Jul | Aug | Sep | Oct | Nov | Dec 
2009: Jan | Feb | Mar | Apr | May | Jun | Jul | Aug | Sep | Oct | Nov | Dec 

Report for 2010 11
MONTHLY CLIMATOLOGICAL SUMMARY FOR 11/2010 HEAT COOL MEAN DEG DEG WIND SPEED DOM MEAN MEAN DAY TEMP HIGH TIME LOW TIME DAYS DAYS RAIN AVG HI TIME DIR BAROM HUM --------------------------------------------------------------------------------------- 1 60.0 75.0 1:06pm 46.9 3:36am 3 1 0.00 2 10 2:49pm NNE 30.11 55 2 59.7 69.6 12:34pm 53.4 2:22am 3 0 0.02 5 19 11:13am ESE 30.09 69 3 52.7 55.9 12:34am 49.8 8:21am 6 0 0.21 2 11 5:06am ESE 29.95 85 4 50.9 58.3 12:46pm 44.4 11:59pm 7 0 0.02 8 24 1:25pm NW 29.79 66 5 42.3 48.9 4:06pm 34.3 11:44pm 10 0 0.02 6 23 11:48am WNW 29.94 75 6 38.4 50.7 3:30pm 26.4 6:07am 12 0 0.00 3 16 3:45pm NW 30.27 62 7 43.9 60.4 3:10pm 28.0 6:13am 10 0 0.00 0 10 12:17pm SE 30.33 55 8 52.2 70.5 2:01pm 34.2 5:27am 6 0 0.00 1 13 1:43pm SSW 30.10 53 9 0.0 68.5 12:28am 43.0 12:28am 0 2 0.40 0 0 12:28am SSE 17.32 0 10 57.8 75.9 2:02pm 41.5 6:26am 4 1 0.00 0 9 12:39pm ESE 30.09 55 11 61.8 78.6 2:18pm 44.4 3:49am 3 1 0.00 1 14 11:44am NNE 30.23 47 12 0.0 156.2 12:28am 0.0 12:28am 0 2 0.40 0 0 12:28am WSW 17.32 0 13 59.5 64.2 7:57pm 52.9 11:59pm 0 0 0.00 4 15 10:06pm W 30.00 74 14 47.8 57.9 2:14pm 36.9 11:59pm 8 0 0.14 2 10 12:55am NW 29.99 80 15 0.0 156.2 12:28am 0.0 12:28am 0 2 0.40 0 0 12:28am SE 17.32 0 16 47.8 55.2 10:52am 37.6 11:59pm 8 0 0.45 8 27 11:54am WSW 29.63 90 17 45.9 60.4 2:46pm 35.8 1:23am 9 0 0.00 1 7 2:18am SSW 30.06 83 18 49.5 62.2 2:24pm 43.0 3:13am 7 0 0.00 2 14 2:35pm NNW 30.17 79 19 50.0 62.4 1:21pm 39.2 6:28am 7 0 0.00 2 15 1:27pm SSE 30.20 78 20 56.3 70.7 1:06pm 44.1 1:12am 4 0 0.00 5 23 12:25pm SE 30.18 73 21 60.3 70.9 1:01pm 51.6 1:22am 3 0 0.00 6 19 12:31pm SSE 30.18 76 22 63.8 73.8 2:42pm 54.3 6:33am 2 1 0.00 9 26 1:58pm SSE 30.10 75 23 60.8 68.4 1:26pm 48.7 11:55pm 2 0 0.30 6 23 3:38am SSE 30.05 85 24 57.5 65.1 12:02pm 45.1 4:42am 3 0 0.00 8 21 6:53pm SSE 29.99 86 25 62.8 71.2 2:59pm 44.4 11:41pm 2 1 0.27 14 28 3:18pm SSE 29.84 84 26 35.6 44.4 12:02am 28.0 11:35pm 14 0 0.16 7 23 4:41am NNW 30.03 73 27 43.8 54.9 1:56pm 27.5 12:28am 5 2 0.00 4 17 3:19pm WNW 29.49 47 28 43.0 56.1 1:44pm 29.8 6:57am 10 0 0.00 6 18 11:00pm ESE 30.14 63 29 50.1 58.8 10:54am 39.4 3:56am 7 0 0.49 14 43 11:48pm SE 29.97 79 30 44.5 59.5 1:45am 32.9 11:47pm 9 0 2.31 6 28 12:01am W 29.90 87 --------------------------------------------------------------------------------------- TOT 45.6 156.2 2/7/36 0.0 2/7/36 165 14 4.40 8 43 11/29/10 SE 29.92 71 HEAT BASE: 65.0 COOL BASE: 65.0