NOAA-Style Climate Reports

2014: Jan | Feb | Mar | Apr | May | Jun | Jul | Aug | Sep | Oct | Nov | Dec 
2013: Jan | Feb | Mar | Apr | May | Jun | Jul | Aug | Sep | Oct | Nov | Dec 
2012: Jan | Feb | Mar | Apr | May | Jun | Jul | Aug | Sep | Oct | Nov | Dec 
2011: Jan | Feb | Mar | Apr | May | Jun | Jul | Aug | Sep | Oct | Nov | Dec 
2010: Jan | Feb | Mar | Apr | May | Jun | Jul | Aug | Sep | Oct | Nov | Dec 
2009: Jan | Feb | Mar | Apr | May | Jun | Jul | Aug | Sep | Oct | Nov | Dec 

Report for 2010 12
MONTHLY CLIMATOLOGICAL SUMMARY FOR 12/2010 HEAT COOL MEAN DEG DEG WIND SPEED DOM MEAN MEAN DAY TEMP HIGH TIME LOW TIME DAYS DAYS RAIN AVG HI TIME DIR BAROM HUM --------------------------------------------------------------------------------------- 1 34.2 43.7 1:57pm 26.4 5:12am 14 0 0.00 4 22 11:25am W743870.94 64 2 37.7 51.6 1:36pm 23.9 5:54am 13 0 0.00 1 12 2:22pm SE748324.62 62 3 44.3 58.8 1:12pm 34.0 7:03am 9 0 0.00 1 13 12:44pm NW 30.08 63 4 47.5 61.0 2:54pm 36.5 11:01pm 8 0 0.00 10 27 4:12pm NW 29.94 70 5 33.4 36.7 9:36am 29.3 11:51pm 15 0 0.00 11 24 5:10am NW 30.23 70 6 28.7 36.1 1:57pm 22.3 11:57pm 17 0 0.00 7 21 10:51am NW 30.21 62 7 27.4 39.0 2:14pm 20.8 6:31am 17 0 0.00 5 16 8:09am NNW 30.12 65 8 27.2 35.8 2:19pm 21.6 12:28am 10 2 0.00 3 14 12:53pm N 29.60 48 9 31.4 45.5 2:28pm 15.4 5:05am 16 0 0.00 3 14 1:28pm SSE 30.31 53 10 38.2 45.1 1:05pm 30.6 2:51am 9 0 0.00 5 14 8:59am SSE 30.24 54 11 41.3 48.7 7:42pm 41.7 11:59pm 2 2 1.05 7 21 10:17pm SE 28.22 79 12 26.2 41.7 12:08am 20.3 11:48pm 18 0 0.00 12 30 10:48pm W 29.84 75 13 18.7 26.8 1:51pm 13.6 7:36am 22 0 0.00 10 27 12:56am NW742401.06 66 14 21.3 32.5 1:57pm 8.4 6:46am 20 0 0.00 2 12 3:10am NNW 30.26 61 15 0.0 156.2 12:28am 0.0 12:28am 0 2 0.40 0 0 12:28am ESE 17.33 0 16 38.1 150.8 2:25am 38.1 1:12am 0 0 0.00 11 14 1:14am ESE 29.81 90 17 18 27.7 28.6 9:38pm 26.6 10:46pm 2 0 0.00 0 0 9:27pm N 30.13 78 19 33.3 46.0 2:01pm 23.2 6:57am 14 0 0.00 3 12 2:05pm N 30.16 65 20 41.6 50.7 12:30pm 26.4 4:32am 10 0 0.00 6 58 7:47am SE 30.15 54 21 52.7 57.9 3:03pm 46.6 4:16am 6 0 0.00 6 14 1:24pm SSE 30.02 78 22 44.6 56.8 12:05am 28.6 9:13pm 10 0 0.00 11 27 2:27pm NNW 30.21 75 23 34.2 43.0 2:27pm 29.5 11:59pm 14 0 0.00 8 21 1:17am N 30.41 67 24 37.5 51.6 2:20pm 27.3 4:31am 13 0 0.00 3 11 8:26am NNE 30.24 61 25 31.6 34.5 12:03am 29.5 10:05pm 16 0 0.04 8 25 7:02pm NNE 30.11 86 26 28.4 30.6 2:09pm 25.9 6:30pm 17 0 0.00 13 31 9:35am NW 30.19 72 27 30.7 39.7 2:38pm 23.2 11:59pm 16 0 0.00 6 21 2:47am NNW 30.35 67 28 30.7 43.5 12:28am 19.0 12:28am 2 2 0.00 1 7 10:46pm SSE 27.95 51 29 42.7 49.8 2:06pm 37.9 12:04am 10 0 0.02 6 20 10:38pm SE 30.12 63 30 49.7 55.6 12:22pm 42.8 12:15am 7 0 0.00 12 27 1:40pm SE 30.04 62 31 58.0 65.5 1:13pm 52.3 5:03am 3 0 0.31 14 40 10:46pm SE 30.04 76 --------------------------------------------------------------------------------------- TOT 48.8 156.2 2/7/36 0.0 2/7/36 330 9 1.82 10 40 12/31/10 SE 29.92 66 HEAT BASE: 65.0 COOL BASE: 65.0