NOAA-Style Climate Reports

2014: Jan | Feb | Mar | Apr | May | Jun | Jul | Aug | Sep | Oct | Nov | Dec 
2013: Jan | Feb | Mar | Apr | May | Jun | Jul | Aug | Sep | Oct | Nov | Dec 
2012: Jan | Feb | Mar | Apr | May | Jun | Jul | Aug | Sep | Oct | Nov | Dec 
2011: Jan | Feb | Mar | Apr | May | Jun | Jul | Aug | Sep | Oct | Nov | Dec 
2010: Jan | Feb | Mar | Apr | May | Jun | Jul | Aug | Sep | Oct | Nov | Dec 
2009: Jan | Feb | Mar | Apr | May | Jun | Jul | Aug | Sep | Oct | Nov | Dec 

Report for 2011 01
MONTHLY CLIMATOLOGICAL SUMMARY FOR 1/2011 HEAT COOL MEAN DEG DEG WIND SPEED DOM MEAN MEAN DAY TEMP HIGH TIME LOW TIME DAYS DAYS RAIN AVG HI TIME DIR BAROM HUM --------------------------------------------------------------------------------------- 1 40.6 57.0 12:28am 33.6 11:19pm 5 3 1.79 6 22 12:19pm NW 29.19 59 2 23.4 40.3 12:28am 24.5 12:28am 2 3 0.00 0 2 5:13pm NNW 27.46 43 3 35.7 47.5 2:02pm 20.3 4:42am 12 0 0.00 2 11 3:28pm SE 30.30 49 4 43.8 57.9 2:48pm 35.4 2:38am 10 0 0.00 2 14 1:18pm SW 30.16 52 5 38.2 39.7 12:39am 36.7 12:03am 3 0 0.12 1 7 3:17pm ENE 29.95 85 6 38.8 50.2 2:32pm 29.5 8:00am 10 0 0.00 3 20 3:30pm WSW 29.86 74 7 42.1 55.0 2:48pm 32.2 11:54pm 11 0 0.00 9 30 1:26pm WSW 29.64 65 8 30.6 38.8 10:20am 17.4 11:45pm 16 0 0.00 9 24 1:12pm NW 29.91 60 9 23.8 31.3 2:36pm 14.9 3:47am 19 0 0.00 5 18 8:55pm NE 30.24 60 10 29.7 33.6 11:35am 25.9 12:05am 14 0 0.04 4 20 2:55am NE 30.19 88 11 29.0 32.4 9:01am 17.2 11:58pm 17 0 0.00 7 25 2:53pm WSW 30.29 81 12 21.6 28.0 2:04pm 14.4 2:19am 20 0 0.00 6 18 9:02am NW 30.53 71 13 20.3 29.3 4:09pm 9.3 6:57am 21 0 0.00 2 13 10:12am N 30.58 75 14 24.6 37.6 2:32pm 11.7 5:26am 19 0 0.00 1 8 3:24pm SSE 30.45 71 15 33.4 45.0 2:50pm 21.7 5:38am 15 0 0.00 2 14 2:34pm SSW 30.29 67 16 37.2 49.3 2:54pm 25.5 6:58am 13 0 0.00 0 7 9:50am NNE 30.18 71 17 42.0 50.2 3:51pm 35.8 4:51am 10 0 0.06 3 16 11:29pm SE 29.98 79 18 44.1 47.1 5:20pm 41.9 4:12am 6 0 0.15 7 16 12:55am SSE 29.88 86 19 33.6 35.4 5:41am 32.7 5:30pm 7 0 0.00 5 14 6:15am NW 30.15 87 20 30.9 36.5 1:39pm 24.6 11:13pm 6 0 0.00 10 16 5:47pm NW 30.08 89 21 25.1 31.6 2:35pm 16.0 7:18am 13 0 0.00 7 18 1:26pm N 30.12 64 22 28.4 40.8 1:30pm 21.0 4:02am 17 0 0.00 2 14 1:25pm W 30.06 60 23 34.1 43.3 1:16pm 25.2 12:57am 14 0 0.00 2 14 11:38am ESE 30.20 68 24 43.4 55.8 1:40pm 32.0 12:28am 5 3 0.00 6 21 2:04pm SE 29.31 63 25 41.8 44.6 1:01pm 35.1 11:58pm 9 0 0.73 6 16 11:58pm SE 30.03 89 26 27 28 47.3 70.5 12:00am 38.9 11:57pm 8 0 0.00 2 15 12:44pm NW 29.95 54 29 51.5 68.0 3:23pm 37.0 6:43am 14 0 0.00 4 15 1:50pm SSE 29.99 56 30 54.7 62.8 1:44pm 46.0 7:06am 10 0 0.00 3 12 10:15am SW 30.05 72 31 54.1 56.9 1:27pm 52.6 6:45am 11 0 0.00 4 13 1:46pm SSE 30.05 96 --------------------------------------------------------------------------------------- TOT 42.0 156.2 2/7/36 0.0 2/7/36 337 8 2.19 6 21 1/24/11 NW 29.81 78 HEAT BASE: 65.0 COOL BASE: 65.0