NOAA-Style Climate Reports

2014: Jan | Feb | Mar | Apr | May | Jun | Jul | Aug | Sep | Oct | Nov | Dec 
2013: Jan | Feb | Mar | Apr | May | Jun | Jul | Aug | Sep | Oct | Nov | Dec 
2012: Jan | Feb | Mar | Apr | May | Jun | Jul | Aug | Sep | Oct | Nov | Dec 
2011: Jan | Feb | Mar | Apr | May | Jun | Jul | Aug | Sep | Oct | Nov | Dec 
2010: Jan | Feb | Mar | Apr | May | Jun | Jul | Aug | Sep | Oct | Nov | Dec 
2009: Jan | Feb | Mar | Apr | May | Jun | Jul | Aug | Sep | Oct | Nov | Dec 

Report for 2011 02
MONTHLY CLIMATOLOGICAL SUMMARY FOR 2/2011 HEAT COOL MEAN DEG DEG WIND SPEED DOM MEAN MEAN DAY TEMP HIGH TIME LOW TIME DAYS DAYS RAIN AVG HI TIME DIR BAROM HUM --------------------------------------------------------------------------------------- 1 49.9 55.5 7:10pm 35.1 11:59pm 15 0 0.95 11 33 3:17pm SE 29.80 97 2 26.8 35.1 12:00am 22.0 11:48pm 38 0 0.00 8 26 3:18am WNW 30.28 72 3 26.3 30.9 2:40pm 20.4 5:46am 39 0 0.00 5 19 9:19am NNE 30.48 71 4 33.4 38.5 11:57pm 30.0 12:00am 32 0 0.20 3 11 11:56pm NE 30.16 88 5 32.9 38.9 2:56am 29.0 11:41pm 32 0 0.03 8 25 4:38am SW 29.90 92 6 38.8 51.8 1:54pm 26.3 6:41am 26 0 0.00 4 16 1:03pm SE 30.02 74 7 37.8 45.6 10:04am 30.4 11:54pm 27 0 0.10 6 29 5:41pm WNW 29.92 82 8 29.6 36.5 3:17pm 22.9 11:51pm 35 0 0.00 6 20 12:34am NW 30.31 73 9 25.4 34.6 11:40am 20.4 4:16am 40 0 0.00 6 16 1:16pm NNW 30.26 79 10 22.9 33.3 3:49pm 14.9 7:24am 42 0 0.00 6 20 2:26am NNW 30.27 68 11 27.6 41.1 3:32pm 11.8 5:36am 37 0 0.00 3 15 1:34pm SW 30.28 48 12 38.5 53.4 2:35pm 24.7 6:33am 26 0 0.00 3 19 12:52am SW 30.34 56 13 48.4 64.0 3:24pm 34.2 6:35am 17 0 0.00 6 22 2:15pm SW 30.21 47 14 52.5 66.2 2:35pm 42.2 6:45am 13 0 0.00 6 20 3:22pm SW 30.16 43 15 48.8 63.5 4:11pm 36.8 5:42am 16 0 0.00 4 17 1:19am ESE 30.24 53 16 56.3 66.4 3:56pm 49.6 12:17am 9 0 0.00 6 23 1:54pm SE 30.17 51 17 55.6 66.0 4:20pm 47.3 4:36am 9 0 0.00 6 25 2:04pm SSE 30.09 75 18 59.4 67.0 2:36pm 54.0 11:57pm 6 0 0.00 4 19 8:01pm SSE 30.16 81 19 54.2 58.4 1:51pm 48.8 11:50pm 11 0 0.00 5 14 5:25am NE 30.22 53 20 59.5 72.0 3:10pm 47.6 2:47am 7 1 0.00 8 30 2:47pm SSE 30.00 57 21 62.4 66.6 2:40pm 51.6 11:58pm 3 0 0.07 9 28 11:26am SW 29.80 76 22 48.7 57.2 3:23pm 38.1 11:58pm 16 0 0.00 5 18 12:12am NW 30.06 68 23 46.9 60.1 4:11pm 32.9 5:09am 18 0 0.22 3 12 6:18am E 30.15 64 24 60.7 68.3 2:14pm 50.1 12:08am 5 1 1.23 8 40 10:25pm SSE 29.85 83 25 44.8 58.6 2:03am 34.1 11:48pm 20 0 0.00 8 27 3:39am WNW 29.98 82 26 48.6 66.1 4:28pm 30.2 6:30am 16 0 0.00 4 15 1:25pm SE 30.03 73 27 65.6 74.9 2:56pm 56.5 12:00am 2 3 0.01 8 27 3:37pm SSE 29.87 76 28 60.1 70.7 1:51pm 38.2 11:25pm 7 2 0.20 11 31 5:30pm NNW 29.85 83 --------------------------------------------------------------------------------------- TOT 45.1 74.9 2/27/11 11.8 2/11/11 565 8 3.01 6 36 2/24/11 SSE 30.10 70 HEAT BASE: 65.0 COOL BASE: 65.0