NOAA-Style Climate Reports

2014: Jan | Feb | Mar | Apr | May | Jun | Jul | Aug | Sep | Oct | Nov | Dec 
2013: Jan | Feb | Mar | Apr | May | Jun | Jul | Aug | Sep | Oct | Nov | Dec 
2012: Jan | Feb | Mar | Apr | May | Jun | Jul | Aug | Sep | Oct | Nov | Dec 
2011: Jan | Feb | Mar | Apr | May | Jun | Jul | Aug | Sep | Oct | Nov | Dec 
2010: Jan | Feb | Mar | Apr | May | Jun | Jul | Aug | Sep | Oct | Nov | Dec 
2009: Jan | Feb | Mar | Apr | May | Jun | Jul | Aug | Sep | Oct | Nov | Dec 

Report for 2011 03
MONTHLY CLIMATOLOGICAL SUMMARY FOR 3/2011 HEAT COOL MEAN DEG DEG WIND SPEED DOM MEAN MEAN DAY TEMP HIGH TIME LOW TIME DAYS DAYS RAIN AVG HI TIME DIR BAROM HUM --------------------------------------------------------------------------------------- 1 46.1 61.7 3:27pm 34.4 6:04am 19 0 0.00 4 16 12:24am NNE 30.24 62 2 53.5 67.3 2:08pm 39.4 6:55am 12 0 0.00 2 10 7:41pm NE 30.24 46 3 58.5 70.0 2:31pm 45.2 5:29am 7 1 0.00 8 26 10:56am SE 30.17 46 4 58.5 65.4 2:34pm 53.2 9:52pm 7 0 0.03 12 29 11:34am SE 30.14 65 5 51.1 56.1 10:11am 38.6 11:58pm 14 0 1.70 9 32 12:54am SE 30.00 95 6 35.6 38.6 12:00am 34.3 7:27am 29 0 0.00 9 26 12:48am NNW 30.14 88 7 41.3 50.4 4:03pm 35.7 1:51am 24 0 0.00 4 16 3:38pm E 30.14 77 8 47.6 53.1 12:34pm 43.0 4:00am 17 0 0.51 12 41 6:17pm ESE 30.09 80 9 54.2 65.5 3:24pm 42.3 11:52pm 11 0 0.82 10 35 3:28am SE 29.89 90 10 39.3 42.3 12:00am 37.7 11:43pm 26 0 0.01 7 21 10:00am WNW 30.12 88 11 43.5 57.3 4:08pm 29.4 5:49am 21 0 0.00 3 20 12:01pm WNW 30.21 62 12 55.4 69.1 3:47pm 40.6 5:10am 10 1 0.00 4 19 3:13pm SSE 30.12 56 13 59.3 70.1 3:35pm 49.1 7:19am 6 1 0.06 3 13 11:11am SSE 30.15 69 14 54.2 64.7 1:15pm 47.9 7:03am 11 0 0.53 5 25 5:46pm SE 30.06 91 15 46.5 54.7 1:30am 42.5 11:59pm 18 0 0.01 5 18 1:20am SW 30.10 87 16 49.4 63.6 5:23pm 39.1 6:53am 15 0 0.00 3 12 3:25am WNW 30.25 73 17 60.6 75.7 4:17pm 45.5 7:06am 7 3 0.00 6 23 1:40pm SSE 30.20 60 18 67.2 79.1 4:39pm 55.6 6:27am 2 5 0.00 5 20 2:06pm SW 30.14 60 19 62.0 71.3 4:05pm 56.2 4:26am 4 1 0.00 4 16 8:09am NNE 30.21 64 20 67.6 81.1 3:46pm 54.1 5:21am 3 6 0.00 5 20 2:18pm SE 30.20 54 21 66.9 76.4 3:58pm 57.7 7:05am 2 3 0.00 6 20 1:12pm SE 30.16 69 22 67.2 77.6 4:14pm 57.2 5:01am 2 4 0.00 5 20 9:55am SSE 29.96 63 23 65.0 69.6 6:00pm 60.4 11:56pm 1 1 0.12 8 31 7:32pm SW 29.72 77 24 48.5 60.4 12:00am 38.0 11:58pm 17 0 0.00 6 24 11:14am NW 29.95 61 25 44.7 54.3 1:57pm 32.7 6:43am 20 0 0.00 4 12 8:29am NE 29.99 70 26 47.4 51.5 4:00pm 44.6 9:00am 17 0 1.80 5 19 5:30pm NNE 29.77 95 27 41.2 44.9 12:00am 37.8 7:30am 24 0 0.14 7 18 2:30am NNE 29.93 90 28 42.1 49.0 5:40pm 38.1 4:05am 23 0 0.15 5 16 4:00am NNE 30.03 90 29 47.7 55.6 3:11pm 37.7 5:35am 17 0 0.00 3 11 3:28pm NE 30.06 87 30 45.0 51.6 12:00am 38.9 9:47pm 20 0 0.23 6 17 2:57pm NNW 29.88 94 31 41.6 47.4 5:02pm 37.7 6:30am 23 0 0.06 3 12 9:38am NW 29.81 86 --------------------------------------------------------------------------------------- TOT 51.9 81.1 3/20/11 29.4 3/11/11 429 24 6.21 6 35 3/8/11 SE 30.07 74 HEAT BASE: 65.0 COOL BASE: 65.0