NOAA-Style Climate Reports

2014: Jan | Feb | Mar | Apr | May | Jun | Jul | Aug | Sep | Oct | Nov | Dec 
2013: Jan | Feb | Mar | Apr | May | Jun | Jul | Aug | Sep | Oct | Nov | Dec 
2012: Jan | Feb | Mar | Apr | May | Jun | Jul | Aug | Sep | Oct | Nov | Dec 
2011: Jan | Feb | Mar | Apr | May | Jun | Jul | Aug | Sep | Oct | Nov | Dec 
2010: Jan | Feb | Mar | Apr | May | Jun | Jul | Aug | Sep | Oct | Nov | Dec 
2009: Jan | Feb | Mar | Apr | May | Jun | Jul | Aug | Sep | Oct | Nov | Dec 

Report for 2011 04
MONTHLY CLIMATOLOGICAL SUMMARY FOR 4/2011 HEAT COOL MEAN DEG DEG WIND SPEED DOM MEAN MEAN DAY TEMP HIGH TIME LOW TIME DAYS DAYS RAIN AVG HI TIME DIR BAROM HUM --------------------------------------------------------------------------------------- 1 48.6 58.7 5:31pm 41.5 6:44am 16 0 0.00 3 19 1:39pm WSW 29.81 77 2 56.5 69.1 4:45pm 45.1 4:44am 9 1 0.00 4 28 3:30pm WNW 29.99 52 3 65.9 81.4 3:42pm 49.5 3:36am 5 6 0.00 8 31 3:22pm SSE 29.92 46 4 61.7 72.9 1:27pm 43.5 11:30pm 5 2 1.20 10 46 3:00pm SSE 29.68 84 5 47.3 57.4 5:05pm 37.5 6:33am 18 0 0.00 5 29 12:00am WNW 29.99 54 6 56.2 70.8 4:44pm 40.7 6:31am 10 1 0.00 7 27 1:54pm SSE 30.05 45 7 62.4 73.9 4:10pm 49.7 6:32am 5 2 0.00 6 19 2:06pm SSE 29.96 67 8 71.8 82.8 4:46pm 64.1 12:18am 0 7 0.00 5 19 12:16pm SSE 29.91 77 9 75.6 87.6 3:45pm 66.8 6:46am 0 10 0.00 5 22 2:00pm SSE 29.96 67 10 72.9 83.9 3:33pm 63.5 6:30am 0 8 0.00 6 23 2:14pm SSE 29.94 74 11 70.4 79.8 12:34pm 56.2 11:30pm 1 6 0.35 9 36 10:30pm SSE 29.77 78 12 59.2 68.7 3:24pm 51.3 5:40am 6 1 0.00 7 26 10:18am WNW 29.92 64 13 59.3 74.6 4:37pm 41.5 6:06am 8 2 0.00 2 9 1:38pm NNE 30.02 55 14 64.2 76.2 4:15pm 50.9 3:26am 4 3 0.00 3 15 1:53pm ESE 29.94 52 15 58.6 61.7 4:39am 55.7 11:57pm 6 0 3.09 9 41 4:32pm ESE 29.72 87 16 49.4 55.6 12:00am 39.8 11:59pm 16 0 0.01 7 26 2:33pm SW 29.81 73 17 54.1 70.9 5:12pm 36.2 3:31am 12 1 0.00 3 16 2:56pm SE 30.02 66 18 63.8 74.5 4:26pm 51.0 6:17am 4 3 0.00 6 20 11:51am SSE 29.91 70 19 73.6 84.6 2:48pm 64.8 4:22am 0 9 0.00 10 30 11:52am SSE 29.84 75 20 64.5 72.6 12:00am 54.7 9:55pm 3 2 0.77 5 21 2:29am SW 30.00 88 21 57.1 65.8 4:46pm 50.4 6:53am 8 0 0.01 4 16 8:02am NE 30.13 91 22 69.3 79.5 2:38pm 58.0 12:00am 1 6 0.01 7 24 12:10pm SSE 29.97 82 23 73.1 82.0 3:45pm 66.0 4:29am 0 8 0.00 8 27 2:14pm SSE 29.97 72 24 73.6 81.2 5:32pm 68.6 5:51am 0 9 0.00 6 22 3:50pm SSE 29.99 73 25 72.3 80.1 4:24pm 63.7 5:40am 0 7 0.00 8 26 12:06pm SSE 29.83 74 26 68.3 80.1 4:03pm 57.5 7:14am 2 6 2.03 8 31 2:03am SE 29.69 83 27 62.7 71.8 12:41am 54.5 11:06am 4 1 3.48 9 43 4:48am SE 29.56 92 28 58.1 67.9 4:30pm 50.0 6:54am 7 0 0.00 5 21 2:08pm WNW 29.95 68 29 62.7 76.5 5:14pm 48.1 6:16am 6 3 0.00 3 24 1:07pm SW 30.01 60 30 66.8 78.5 4:23pm 53.3 6:23am 3 5 0.00 6 24 11:29am SE 29.95 60 --------------------------------------------------------------------------------------- TOT 63.3 87.4 4/9/11 36.2 4/17/11 159 109 10.97 6 46 4/4/11 SSE 29.91 70 HEAT BASE: 65.0 COOL BASE: 65.0