NOAA-Style Climate Reports

2014: Jan | Feb | Mar | Apr | May | Jun | Jul | Aug | Sep | Oct | Nov | Dec 
2013: Jan | Feb | Mar | Apr | May | Jun | Jul | Aug | Sep | Oct | Nov | Dec 
2012: Jan | Feb | Mar | Apr | May | Jun | Jul | Aug | Sep | Oct | Nov | Dec 
2011: Jan | Feb | Mar | Apr | May | Jun | Jul | Aug | Sep | Oct | Nov | Dec 
2010: Jan | Feb | Mar | Apr | May | Jun | Jul | Aug | Sep | Oct | Nov | Dec 
2009: Jan | Feb | Mar | Apr | May | Jun | Jul | Aug | Sep | Oct | Nov | Dec 

Report for 2011 05
MONTHLY CLIMATOLOGICAL SUMMARY FOR 5/2011 HEAT COOL MEAN DEG DEG WIND SPEED DOM MEAN MEAN DAY TEMP HIGH TIME LOW TIME DAYS DAYS RAIN AVG HI TIME DIR BAROM HUM --------------------------------------------------------------------------------------- 1 69.0 76.4 3:26pm 61.4 8:46am 0 4 0.24 6 25 1:40pm SE 29.98 75 2 71.5 81.0 5:06pm 58.3 11:59pm 0 6 0.00 6 22 3:20pm SSE 30.00 81 3 50.5 58.3 12:00am 43.7 11:53pm 14 0 1.12 4 20 3:00am NW 30.13 92 4 51.7 62.8 4:45pm 41.2 1:37am 13 0 0.00 4 19 11:07am NNW 30.31 69 5 53.6 66.9 4:22pm 40.9 5:34am 12 0 0.00 2 12 9:48am NE 30.21 64 6 58.4 71.1 5:09pm 45.1 1:18am 8 1 0.00 2 14 3:02pm WSW 29.99 69 7 63.0 75.7 5:53pm 48.6 5:38am 5 3 0.00 3 20 4:40pm SSE 29.93 72 8 70.4 81.7 3:01pm 58.1 3:32am 2 7 0.00 3 11 8:22am SE 29.87 78 9 74.4 85.5 3:10pm 63.3 5:44am 0 10 0.00 3 15 4:03pm SE 29.87 79 10 76.3 86.7 3:18pm 65.4 6:18am 0 11 0.00 3 14 5:01pm SSE 29.86 75 11 76.4 87.8 4:34pm 64.9 5:14am 0 11 0.00 2 16 12:49pm SSE 29.90 75 12 74.4 86.5 4:32pm 63.3 9:50pm 0 10 0.34 3 24 5:54pm SE 29.89 76 13 65.9 74.7 5:45pm 59.3 9:59pm 1 2 1.03 4 25 7:36am SE 29.77 89 14 58.6 61.9 1:30pm 53.7 11:30pm 6 0 0.05 5 21 1:00pm WNW 29.71 94 15 55.4 61.2 10:11am 51.2 5:50am 14 0 0.02 4 16 3:49pm W 29.74 93 16 51.8 55.3 2:53pm 48.5 6:41am 13 0 0.03 5 19 10:01am WNW 29.81 91 17 52.8 61.5 1:27pm 43.4 6:02am 12 0 0.00 4 16 11:47am NW 29.82 78 18 56.1 66.5 10:23am 53.5 6:00am 4 0 0.00 3 9 10:24am SE 29.98 85 19 64.1 75.1 4:12pm 53.4 5:28am 4 3 0.00 3 13 2:11pm ESE 29.99 72 20 72.6 84.6 3:41pm 60.7 2:21am 1 9 0.00 3 13 2:08pm SE 29.97 62 21 75.7 86.4 2:59pm 64.8 5:14am 0 11 0.00 5 24 2:48pm ESE 29.91 68 22 73.8 82.3 4:17pm 65.4 12:04am 0 9 0.00 5 20 1:28pm SE 29.92 79 23 74.2 84.7 4:19pm 64.5 5:50am 0 9 0.00 4 23 4:07am SE 29.90 77 24 75.7 84.6 4:28pm 68.2 1:39am 0 11 0.02 5 20 11:54am SE 29.86 79 25 26 67.8 77.9 1:56pm 58.3 11:56pm 1 4 1.00 6 40 4:45am SSE 29.76 82 27 62.3 82.4 12:46pm 55.7 4:22am 3 1 0.00 2 16 11:49am NW 29.89 83 28 81.6 87.0 4:19pm 59.6 2:12am 0 7 0.00 7 17 3:00pm SE 29.83 59 29 79.0 89.0 3:16pm 68.5 4:39am 0 14 0.00 6 21 1:37pm SE 29.95 70 30 80.6 90.6 4:13pm 67.5 5:14am 0 16 0.00 2 12 12:48pm ESE 30.07 69 31 81.2 91.6 1:50pm 71.7 5:39am 0 16 0.00 2 10 9:58am ESE 30.14 72 --------------------------------------------------------------------------------------- TOT 67.3 91.6 5/31/11 40.9 5/5/11 114 175 4.10 4 38 5/26/11 SE 29.93 77 HEAT BASE: 65.0 COOL BASE: 65.0