NOAA-Style Climate Reports

2014: Jan | Feb | Mar | Apr | May | Jun | Jul | Aug | Sep | Oct | Nov | Dec 
2013: Jan | Feb | Mar | Apr | May | Jun | Jul | Aug | Sep | Oct | Nov | Dec 
2012: Jan | Feb | Mar | Apr | May | Jun | Jul | Aug | Sep | Oct | Nov | Dec 
2011: Jan | Feb | Mar | Apr | May | Jun | Jul | Aug | Sep | Oct | Nov | Dec 
2010: Jan | Feb | Mar | Apr | May | Jun | Jul | Aug | Sep | Oct | Nov | Dec 
2009: Jan | Feb | Mar | Apr | May | Jun | Jul | Aug | Sep | Oct | Nov | Dec 

Report for 2011 06
MONTHLY CLIMATOLOGICAL SUMMARY FOR 6/2011 HEAT COOL MEAN DEG DEG WIND SPEED DOM MEAN MEAN DAY TEMP HIGH TIME LOW TIME DAYS DAYS RAIN AVG HI TIME DIR BAROM HUM --------------------------------------------------------------------------------------- 1 81.1 89.9 1:49pm 71.9 1:53am 0 16 0.00 2 13 9:10am N 30.14 73 2 81.6 93.8 4:38pm 69.9 3:44am 0 17 0.00 2 13 11:28am NE 30.03 71 3 81.9 92.1 3:01pm 70.4 5:25am 0 17 0.00 2 11 1:58pm NW 30.02 72 4 81.4 91.8 2:35pm 69.3 5:42am 0 16 0.00 2 13 2:12pm NW 30.06 73 5 79.2 90.4 12:55pm 69.2 4:41am 0 14 0.00 2 21 4:06pm WNW 30.01 77 6 78.8 90.2 4:56pm 67.5 3:22am 0 13 0.00 2 12 10:40am NE 29.95 70 7 82.2 93.4 4:15pm 71.7 12:00am 0 17 0.00 3 13 11:23am SE 29.92 65 8 81.4 92.8 5:41pm 70.1 5:18am 0 16 0.00 2 13 11:38am ESE 29.94 68 9 80.0 90.7 3:44pm 68.3 5:43am 0 15 0.00 2 12 2:15pm SW 29.95 69 10 80.0 92.0 3:30pm 65.8 5:07am 0 15 0.00 1 11 2:22pm WNW 29.91 69 11 81.6 92.3 5:09pm 70.7 1:00am 0 17 0.00 2 23 10:31pm WNW 29.87 64 12 77.4 89.5 3:58pm 64.4 5:46am 0 12 0.00 3 15 4:16pm WNW 29.89 67 13 77.1 87.5 2:33pm 66.5 3:23am 0 12 0.00 2 13 10:18am NW 29.93 76 14 76.6 87.2 2:58pm 65.9 3:38am 0 12 0.00 3 17 3:55pm NE 29.90 73 15 75.8 92.3 3:45pm 66.9 9:00pm 0 10 0.87 6 28 4:46pm ESE 29.79 76 16 76.3 90.9 5:03pm 62.0 4:59am 0 12 0.02 2 28 10:50pm ESE 29.85 72 17 70.6 80.2 6:01pm 65.8 5:56am 0 6 0.50 4 14 1:14am SE 29.91 87 18 73.5 85.7 12:16pm 68.1 1:48pm 0 8 0.02 5 39 1:23pm SE 29.90 85 19 80.8 90.7 4:12pm 69.8 12:00am 0 16 0.00 5 22 8:12am SW 29.82 75 20 82.3 91.2 4:27pm 74.5 1:41am 0 17 0.00 5 19 1:52pm SW 29.81 68 21 76.3 86.6 12:15pm 68.2 11:57pm 0 11 0.29 6 45 3:54pm SSW 29.85 83 22 70.3 78.5 2:34pm 66.9 3:25am 0 5 1.19 4 20 3:20pm SSE 29.87 96 23 77.9 86.3 3:45pm 70.1 12:02am 0 13 0.00 7 19 2:22pm SW 29.83 82 24 77.0 85.0 1:32pm 69.0 11:51pm 0 12 0.00 4 20 3:17pm SW 29.82 85 25 77.0 89.6 5:35pm 65.6 5:32am 0 12 0.01 2 12 10:19am SE 29.89 82 26 73.6 82.8 12:22pm 66.3 1:47pm 0 9 0.17 3 35 1:10pm SE 29.91 87 27 78.3 89.2 4:58pm 66.5 4:42am 0 13 0.00 4 17 4:59pm SW 29.94 81 28 71.9 77.9 6:17pm 65.7 7:00am 0 6 3.61 3 28 6:29am SSE 29.97 92 29 75.2 84.9 4:04pm 66.8 1:17am 0 10 0.00 2 11 1:17pm NNE 30.00 77 30 75.6 86.8 4:48pm 64.2 5:51am 0 11 0.00 2 10 9:56am NNE 29.98 68 --------------------------------------------------------------------------------------- TOT 77.8 93.8 6/2/11 62.0 6/16/11 0 381 6.81 3 42 6/21/11 SW 29.92 76 HEAT BASE: 65.0 COOL BASE: 65.0