NOAA-Style Climate Reports

2014: Jan | Feb | Mar | Apr | May | Jun | Jul | Aug | Sep | Oct | Nov | Dec 
2013: Jan | Feb | Mar | Apr | May | Jun | Jul | Aug | Sep | Oct | Nov | Dec 
2012: Jan | Feb | Mar | Apr | May | Jun | Jul | Aug | Sep | Oct | Nov | Dec 
2011: Jan | Feb | Mar | Apr | May | Jun | Jul | Aug | Sep | Oct | Nov | Dec 
2010: Jan | Feb | Mar | Apr | May | Jun | Jul | Aug | Sep | Oct | Nov | Dec 
2009: Jan | Feb | Mar | Apr | May | Jun | Jul | Aug | Sep | Oct | Nov | Dec 

Report for 2011 07
MONTHLY CLIMATOLOGICAL SUMMARY FOR 7/2011 HEAT COOL MEAN DEG DEG WIND SPEED DOM MEAN MEAN DAY TEMP HIGH TIME LOW TIME DAYS DAYS RAIN AVG HI TIME DIR BAROM HUM --------------------------------------------------------------------------------------- 1 78.1 89.5 5:01pm 65.2 6:05am 0 13 0.00 2 11 12:39pm NNE 29.98 67 2 79.2 90.2 3:31pm 65.8 4:26am 0 14 0.00 2 11 3:47pm NE 29.99 71 3 81.3 92.2 5:26pm 70.4 5:19am 0 16 0.00 1 8 1:43pm NNE 29.92 74 4 76.5 91.2 2:51pm 69.6 11:55pm 0 11 0.25 2 40 3:26pm WNW 29.89 85 5 76.5 87.2 5:38pm 68.1 2:51am 0 12 0.89 1 36 10:48pm SW 29.92 86 6 75.5 89.7 4:09pm 69.2 4:11am 0 11 0.04 2 19 10:12am SW 29.94 88 7 76.0 87.2 11:11am 69.9 5:54am 0 11 0.04 2 12 11:54am SE 29.88 89 8 76.3 87.4 5:09pm 69.6 6:57am 0 11 0.76 3 31 8:04pm SSE 29.77 90 9 79.1 90.5 6:11pm 69.8 4:51am 0 14 0.01 1 8 7:23am NE 29.84 85 10 83.5 92.7 3:22pm 73.7 3:57am 0 18 0.00 2 14 8:32pm W 29.90 82 11 84.2 94.2 4:34pm 74.8 4:24am 0 19 0.00 3 12 10:53am SW 29.92 80 12 84.1 95.7 4:26pm 76.8 11:58pm 0 19 0.00 2 15 5:51pm SW 29.90 82 13 82.3 90.1 4:34pm 74.2 5:46am 0 17 0.00 2 16 11:18am NNW 29.85 83 14 81.6 91.5 1:17pm 73.4 11:55pm 0 17 0.00 2 14 9:27pm NE 29.81 80 15 76.9 86.3 4:27pm 70.9 5:36am 0 12 0.00 3 13 8:58pm ESE 29.85 88 16 75.4 81.7 4:26pm 69.3 6:00am 0 10 0.00 4 16 8:58am ESE 29.97 86 17 77.8 86.4 4:33pm 69.9 5:48am 0 13 0.00 4 17 8:25am E 30.08 80 18 79.8 89.7 3:08pm 69.5 4:37am 0 15 0.00 2 9 12:06pm ESE 30.05 74 19 81.3 90.8 2:24pm 71.0 5:57am 0 16 0.00 2 11 12:21pm WNW 29.94 78 20 82.1 91.8 4:24pm 72.1 5:35am 0 17 0.00 2 11 9:56am WNW 29.88 80 21 79.0 90.0 1:26pm 73.4 11:31pm 0 14 0.02 2 20 4:19pm NE 29.87 88 22 81.3 91.8 4:13pm 72.7 1:37am 0 16 0.01 3 10 12:53pm SE 29.92 79 23 80.1 90.4 3:33pm 71.3 3:34am 0 15 0.00 3 14 10:30am SE 29.98 81 24 77.8 87.0 5:20pm 72.4 3:59am 0 13 0.02 2 14 10:56pm SSE 29.99 91 25 80.2 89.2 5:54pm 72.3 5:35am 0 15 0.01 2 10 1:42pm SW 29.87 86 26 82.3 92.7 4:04pm 73.3 5:53am 0 17 0.00 1 8 12:59pm NE 29.81 77 27 83.7 94.2 4:43pm 71.6 4:32am 0 19 0.00 2 22 11:56am ESE 29.87 70 28 81.8 91.2 4:58pm 73.4 5:34am 0 17 0.00 3 17 2:18pm SSE 29.96 79 29 79.7 89.0 3:33pm 73.3 1:07am 0 15 0.00 3 12 1:07pm SW 30.02 84 30 79.8 90.6 1:30pm 73.9 5:50am 0 15 0.38 2 20 2:44pm W 30.01 86 31 82.4 93.3 3:49pm 72.6 6:27am 0 17 0.00 2 12 2:17pm NW 29.99 81 --------------------------------------------------------------------------------------- TOT 79.9 95.7 7/12/11 65.2 7/1/11 0 461 2.43 2 38 7/4/11 SE 29.92 82 HEAT BASE: 65.0 COOL BASE: 65.0