NOAA-Style Climate Reports

2014: Jan | Feb | Mar | Apr | May | Jun | Jul | Aug | Sep | Oct | Nov | Dec 
2013: Jan | Feb | Mar | Apr | May | Jun | Jul | Aug | Sep | Oct | Nov | Dec 
2012: Jan | Feb | Mar | Apr | May | Jun | Jul | Aug | Sep | Oct | Nov | Dec 
2011: Jan | Feb | Mar | Apr | May | Jun | Jul | Aug | Sep | Oct | Nov | Dec 
2010: Jan | Feb | Mar | Apr | May | Jun | Jul | Aug | Sep | Oct | Nov | Dec 
2009: Jan | Feb | Mar | Apr | May | Jun | Jul | Aug | Sep | Oct | Nov | Dec 

Report for 2011 08
MONTHLY CLIMATOLOGICAL SUMMARY FOR 8/2011 HEAT COOL MEAN DEG DEG WIND SPEED DOM MEAN MEAN DAY TEMP HIGH TIME LOW TIME DAYS DAYS RAIN AVG HI TIME DIR BAROM HUM --------------------------------------------------------------------------------------- 1 82.8 92.2 4:21pm 74.2 11:29pm 0 18 0.00 2 14 3:27pm NE 29.94 74 2 82.9 97.1 5:46pm 68.8 6:31am 0 18 0.00 1 11 12:31pm ESE 29.86 68 3 85.7 99.8 4:12pm 69.7 11:37pm 0 21 0.33 3 36 11:28pm SW 29.76 69 4 77.8 90.3 2:02pm 69.9 12:00am 0 13 1.36 4 22 1:30am SE 29.83 89 5 77.3 89.1 2:15pm 73.1 6:10am 0 12 0.07 2 16 3:34pm SSE 29.91 91 6 77.9 83.9 5:53pm 73.7 6:08am 0 13 0.00 2 12 5:38pm SSE 29.91 91 7 81.3 92.9 3:51pm 72.9 11:57pm 0 16 0.00 3 14 12:35pm SW 29.83 83 8 75.6 90.4 1:52pm 70.7 9:40pm 0 11 0.13 3 15 3:03pm SW 29.78 88 9 76.6 86.2 4:32pm 70.2 2:00am 0 12 0.38 2 18 3:13am WNW 29.76 86 10 77.4 89.8 3:43pm 67.3 6:06am 0 12 0.60 1 30 5:52pm WNW 29.79 84 11 77.8 85.8 2:35pm 71.4 6:20am 0 13 0.02 1 10 1:49pm NE 29.84 88 12 79.1 90.4 4:17pm 68.7 6:41am 0 14 0.00 1 8 3:04pm NE 29.90 77 13 76.4 85.9 1:57pm 68.4 5:41am 0 11 0.00 2 14 11:12am SW 29.89 85 14 75.4 85.3 3:33pm 66.5 11:56pm 0 10 0.00 3 15 12:57pm NW 29.85 77 15 72.1 82.2 5:26pm 61.5 5:23am 0 8 0.00 3 12 11:39am NNW 29.89 75 16 75.0 88.3 4:53pm 66.1 12:47am 0 10 0.00 2 12 3:40pm ESE 29.96 73 17 76.7 88.4 3:53pm 66.5 12:56am 0 12 0.00 1 9 4:21pm ESE 30.00 70 18 77.3 88.3 1:08pm 65.4 6:32am 0 12 0.00 2 14 3:42pm SW 29.93 76 19 76.7 90.0 2:42pm 65.3 5:48am 0 12 0.00 1 10 11:28am SW 29.86 81 20 80.5 92.8 5:02pm 69.9 6:22am 0 16 0.00 1 9 11:00am SE 29.89 74 21 79.8 89.0 5:26pm 73.0 12:56am 0 15 0.00 2 20 1:08pm SW 29.92 80 22 80.9 93.2 2:41pm 72.3 5:44am 0 16 0.00 2 20 4:42pm NE 29.94 75 23 79.3 90.8 3:31pm 67.0 6:28am 0 14 0.00 2 12 8:45am ESE 29.91 69 24 81.1 93.4 3:47pm 70.3 2:42am 0 15 0.00 3 15 11:14am ESE 29.88 69 25 82.6 94.7 4:04pm 70.6 6:37am 0 18 0.00 2 15 1:47pm SW 29.85 68 26 81.5 92.8 3:16pm 69.3 6:37am 0 17 0.00 3 16 3:20pm N 29.82 67 27 78.8 92.6 4:21pm 65.3 6:27am 0 14 0.00 5 21 10:10am NNW 29.77 58 28 77.9 89.7 4:17pm 66.4 6:25am 0 13 0.00 4 16 11:28am NNW 29.74 61 29 77.3 90.6 3:38pm 62.9 6:29am 0 12 0.00 2 15 2:18pm NNE 29.83 55 30 77.1 91.4 3:52pm 60.3 4:27am 0 12 0.00 3 15 2:07pm NE 29.92 55 31 80.5 93.1 4:15pm 67.9 2:10am 0 15 0.00 3 21 12:37pm ESE 29.99 65 --------------------------------------------------------------------------------------- TOT 78.7 99.8 8/3/11 60.3 8/30/11 1 424 2.89 2 35 8/3/11 SW 29.87 75 HEAT BASE: 65.0 COOL BASE: 65.0