NOAA-Style Climate Reports

2014: Jan | Feb | Mar | Apr | May | Jun | Jul | Aug | Sep | Oct | Nov | Dec 
2013: Jan | Feb | Mar | Apr | May | Jun | Jul | Aug | Sep | Oct | Nov | Dec 
2012: Jan | Feb | Mar | Apr | May | Jun | Jul | Aug | Sep | Oct | Nov | Dec 
2011: Jan | Feb | Mar | Apr | May | Jun | Jul | Aug | Sep | Oct | Nov | Dec 
2010: Jan | Feb | Mar | Apr | May | Jun | Jul | Aug | Sep | Oct | Nov | Dec 
2009: Jan | Feb | Mar | Apr | May | Jun | Jul | Aug | Sep | Oct | Nov | Dec 

Report for 2011 09
MONTHLY CLIMATOLOGICAL SUMMARY FOR 9/2011 HEAT COOL MEAN DEG DEG WIND SPEED DOM MEAN MEAN DAY TEMP HIGH TIME LOW TIME DAYS DAYS RAIN AVG HI TIME DIR BAROM HUM --------------------------------------------------------------------------------------- 1 82.5 95.7 3:54pm 71.5 3:22am 0 17 0.00 3 13 11:18am ESE 30.01 66 2 83.1 96.1 3:31pm 69.4 6:41am 0 18 0.00 2 16 2:46pm ESE 29.94 64 3 82.9 94.1 3:00pm 69.9 5:15am 0 17 0.00 2 14 3:30pm ESE 29.83 62 4 74.0 80.7 11:55am 65.9 8:36pm 0 9 2.35 3 19 2:21pm SE 29.80 81 5 62.2 67.0 12:08am 56.5 11:33pm 3 0 3.32 8 28 10:18pm NNW 29.70 96 6 56.7 59.2 10:15pm 54.8 12:00pm 8 0 0.28 10 28 5:37am NW 29.80 93 7 62.5 71.0 4:49pm 56.7 5:11am 3 1 0.00 4 15 9:58am NW 29.97 82 8 64.4 73.5 2:00pm 55.1 6:16am 3 2 0.00 2 16 1:53pm NW 29.95 78 9 64.9 79.3 3:46pm 53.7 6:20am 3 3 0.00 2 14 12:15pm SW 29.92 75 10 68.2 81.4 4:28pm 53.9 5:53am 3 6 0.00 2 12 11:34am SW 29.97 69 11 68.1 79.0 4:34pm 60.2 5:59am 1 4 0.08 3 13 11:14am SE 30.02 81 12 70.9 84.7 5:02pm 58.3 6:22am 1 7 0.00 1 10 12:31pm WNW 30.04 76 13 72.4 86.2 1:42pm 59.3 5:00am 1 9 0.00 2 10 11:18am ESE 29.97 73 14 72.9 84.4 2:38pm 60.9 4:12am 1 8 0.04 3 16 12:09pm SE 29.89 75 15 60.2 68.4 12:00am 51.8 11:59pm 5 0 0.01 6 23 4:38am NNW 30.03 88 16 60.9 75.0 4:24pm 49.6 2:42am 6 2 0.00 3 13 4:53am NNE 30.14 76 17 67.3 77.3 4:44pm 59.8 2:25am 2 4 0.00 2 11 9:00am ESE 30.14 80 18 68.8 76.2 12:22pm 62.0 6:49am 0 4 0.00 4 16 9:13am SE 30.10 83 19 65.3 68.9 12:00am 61.8 8:38am 1 1 1.26 5 18 12:43pm SE 30.01 90 20 66.7 72.5 12:39pm 63.4 6:10am 0 2 0.09 3 13 11:42am ESE 29.98 95 21 71.1 81.0 3:27pm 64.8 11:58pm 0 6 0.47 1 10 2:39pm WNW 30.00 88 22 72.1 83.0 2:12pm 63.3 5:35am 0 7 0.01 2 12 2:11pm NE 30.00 81 23 60.4 68.7 3:56pm 52.0 10:42pm 5 0 0.00 4 17 2:20pm NNW 30.01 83 24 62.7 77.1 4:10pm 47.5 5:28am 6 3 0.00 2 13 1:22pm SE 29.96 74 25 69.5 81.0 3:08pm 59.6 5:50am 1 6 0.00 7 28 5:26pm SE 29.82 76 26 65.7 72.7 3:13am 50.8 11:56pm 2 3 0.04 4 23 3:11am WNW 29.80 79 27 62.3 77.5 3:42pm 48.7 3:38am 6 3 0.00 2 12 1:25pm SW 29.88 76 28 67.1 79.1 2:52pm 55.4 7:01am 3 5 0.00 2 16 2:45pm SW 29.84 76 29 70.0 82.7 3:44pm 58.1 4:45am 1 6 0.00 2 15 2:41pm SW 29.84 74 30 63.4 71.0 2:58pm 48.4 11:35pm 3 1 0.00 6 24 2:04pm NW 29.93 55 --------------------------------------------------------------------------------------- TOT 68.0 96.1 9/2/11 47.5 9/24/11 69 158 7.95 3 27 9/6/11 SE 29.94 78 HEAT BASE: 65.0 COOL BASE: 65.0