NOAA-Style Climate Reports

2014: Jan | Feb | Mar | Apr | May | Jun | Jul | Aug | Sep | Oct | Nov | Dec 
2013: Jan | Feb | Mar | Apr | May | Jun | Jul | Aug | Sep | Oct | Nov | Dec 
2012: Jan | Feb | Mar | Apr | May | Jun | Jul | Aug | Sep | Oct | Nov | Dec 
2011: Jan | Feb | Mar | Apr | May | Jun | Jul | Aug | Sep | Oct | Nov | Dec 
2010: Jan | Feb | Mar | Apr | May | Jun | Jul | Aug | Sep | Oct | Nov | Dec 
2009: Jan | Feb | Mar | Apr | May | Jun | Jul | Aug | Sep | Oct | Nov | Dec 

Report for 2011 10
MONTHLY CLIMATOLOGICAL SUMMARY FOR 10/2011 HEAT COOL MEAN DEG DEG WIND SPEED DOM MEAN MEAN DAY TEMP HIGH TIME LOW TIME DAYS DAYS RAIN AVG HI TIME DIR BAROM HUM --------------------------------------------------------------------------------------- 1 53.1 62.5 3:29pm 45.0 11:13pm 12 0 0.00 4 22 10:56am NNW 30.10 67 2 53.1 67.2 3:48pm 41.6 4:50am 12 0 0.00 2 15 10:23am NNW 30.16 64 3 57.3 73.2 3:37pm 39.9 5:45am 10 2 0.00 2 12 10:48am NNW 30.19 59 4 61.5 76.9 3:48pm 44.9 5:21am 7 3 0.00 2 10 1:47pm NNE 30.21 62 5 65.8 80.0 3:05pm 52.5 1:07am 4 5 0.00 1 10 3:11pm NE 30.17 64 6 68.6 80.6 2:34pm 56.2 6:02am 2 5 0.00 2 15 1:11pm ESE 30.18 65 7 67.8 79.3 4:03pm 56.7 7:00am 2 4 0.00 3 15 10:03am ESE 30.24 68 8 65.9 77.7 4:01pm 55.7 6:52am 3 4 0.00 3 18 11:00am ESE 30.26 67 9 65.0 76.2 4:20pm 54.9 4:06am 3 3 0.00 4 19 10:12am E 30.19 69 10 66.7 77.9 3:53pm 57.5 12:22am 2 4 0.01 3 14 11:57am NNE 30.04 76 11 63.5 65.9 5:05pm 60.7 11:05pm 2 0 0.07 3 11 5:51am NE 29.92 92 12 63.6 70.1 1:23pm 59.6 4:54am 2 1 0.01 2 9 2:12pm SE 29.80 90 13 62.3 71.1 4:10pm 54.5 11:59pm 3 1 0.26 4 22 3:58pm W 29.65 87 14 61.7 75.6 3:38pm 47.7 6:42am 6 3 0.01 3 24 12:16pm SW 29.85 65 15 59.4 72.7 4:10pm 47.2 7:06am 7 1 0.00 2 19 1:55pm WNW 30.04 57 16 65.4 81.8 3:04pm 46.5 7:15am 5 5 0.00 4 21 2:05pm SSE 30.03 58 17 68.6 83.0 3:49pm 52.0 7:11am 2 6 0.00 3 15 2:26pm SSE 29.86 64 18 61.7 77.2 2:00pm 46.0 11:47pm 6 3 0.21 5 32 4:22pm SSE 29.65 79 19 45.2 47.8 10:40am 44.0 6:11am 20 0 0.02 6 23 10:48am WNW 29.66 89 20 47.5 56.7 2:04pm 38.7 11:58pm 17 0 0.01 5 20 12:37pm WSW 29.92 74 21 47.3 61.8 4:05pm 32.9 6:11am 18 0 0.00 2 21 12:40pm WNW 30.14 70 22 51.4 67.3 4:27pm 35.8 6:09am 14 0 0.00 1 12 4:28pm NNE 30.14 62 23 54.1 66.3 12:48pm 40.6 7:07am 11 0 0.00 2 12 12:47pm SE 30.07 66 24 56.9 73.6 3:26pm 41.2 6:26am 10 2 0.00 1 12 2:27pm WNW 30.14 77 25 60.7 76.2 4:03pm 45.3 7:16am 7 3 0.00 2 12 1:13pm SE 30.14 69 26 63.1 75.0 3:20pm 51.7 7:16am 4 2 0.00 4 18 10:36am SSE 29.97 69 27 55.8 64.9 10:22am 49.0 10:44pm 9 0 0.00 5 16 1:35pm SSE 29.90 83 28 45.3 49.3 12:00am 37.8 11:55pm 20 0 0.73 6 19 1:16am NNW 30.03 92 29 45.1 59.4 3:40pm 31.5 7:35am 20 0 0.01 2 14 1:25pm NW 30.15 70 30 48.1 61.0 4:19pm 32.7 7:26am 17 0 0.00 3 15 3:30pm SSE 30.21 63 31 50.9 64.8 3:45pm 41.2 5:13am 14 0 0.00 3 15 11:05am SSE 30.17 57 --------------------------------------------------------------------------------------- TOT 58.1 83.0 10/17/11 31.5 10/29/11 269 57 1.34 3 31 10/18/11 SSE 30.04 71 HEAT BASE: 65.0 COOL BASE: 65.0