NOAA-Style Climate Reports

2014: Jan | Feb | Mar | Apr | May | Jun | Jul | Aug | Sep | Oct | Nov | Dec 
2013: Jan | Feb | Mar | Apr | May | Jun | Jul | Aug | Sep | Oct | Nov | Dec 
2012: Jan | Feb | Mar | Apr | May | Jun | Jul | Aug | Sep | Oct | Nov | Dec 
2011: Jan | Feb | Mar | Apr | May | Jun | Jul | Aug | Sep | Oct | Nov | Dec 
2010: Jan | Feb | Mar | Apr | May | Jun | Jul | Aug | Sep | Oct | Nov | Dec 
2009: Jan | Feb | Mar | Apr | May | Jun | Jul | Aug | Sep | Oct | Nov | Dec 

Report for 2011 11
MONTHLY CLIMATOLOGICAL SUMMARY FOR 11/2011 HEAT COOL MEAN DEG DEG WIND SPEED DOM MEAN MEAN DAY TEMP HIGH TIME LOW TIME DAYS DAYS RAIN AVG HI TIME DIR BAROM HUM --------------------------------------------------------------------------------------- 1 52.4 67.6 4:01pm 36.9 4:28am 13 0 0.00 2 11 2:14pm ESE 30.24 52 2 54.8 66.9 3:22pm 43.3 7:02am 10 0 0.00 5 19 11:11am ESE 30.21 56 3 49.2 55.0 7:25am 42.2 11:07pm 16 0 0.71 7 27 2:13pm SE 29.95 80 4 47.4 53.8 12:28pm 42.4 12:00am 18 0 0.01 3 13 11:53am NNW 30.10 92 5 51.7 65.9 4:07pm 38.8 6:20am 13 0 0.01 4 17 11:14am SE 30.18 77 6 52.8 65.0 2:31pm 41.8 6:27am 11 0 0.00 6 22 1:36am SE 30.27 69 7 58.8 72.2 2:04pm 48.7 2:41am 7 1 0.00 3 14 9:58am ESE 30.24 76 8 63.1 73.0 3:08pm 54.1 4:45am 4 2 0.00 7 22 11:18am SE 30.08 70 9 57.1 63.9 2:06pm 42.4 11:31pm 8 0 0.18 6 20 1:49pm NW 30.01 76 10 42.9 53.1 1:56pm 31.0 11:59pm 22 0 0.00 5 28 1:01pm WNW 30.16 60 11 44.3 60.0 2:55pm 25.3 6:14am 21 0 0.00 3 15 11:05am SSE 30.17 56 12 50.2 60.0 12:47pm 39.0 6:29am 14 0 0.00 6 21 2:44pm SSE 30.14 56 13 62.6 71.9 2:36pm 54.3 12:00am 4 2 0.00 10 36 3:11pm SSE 29.98 68 14 69.1 76.5 1:21pm 64.9 12:06am 0 4 0.00 8 32 1:12pm SSW 29.89 78 15 68.1 75.0 2:56pm 63.8 11:08pm 0 3 0.02 5 20 11:47am SSE 29.81 87 16 56.5 66.0 4:00am 42.7 11:59pm 9 0 1.16 7 26 11:07pm NNW 29.83 88 17 41.2 49.6 1:28pm 34.7 11:25pm 24 0 0.00 6 22 8:17am NNW 30.27 49 18 42.7 55.2 2:48pm 29.8 1:59am 22 0 0.00 5 21 9:57am SE 30.32 49 19 54.8 64.5 2:28pm 42.8 2:39am 10 0 0.00 8 21 10:18am SE 30.18 68 20 61.8 64.4 11:58am 58.7 3:09am 3 0 0.07 6 17 9:07am SSE 30.17 92 21 64.2 68.2 1:02pm 60.8 11:03pm 1 1 0.09 3 16 2:57pm SE 30.12 94 22 61.6 65.5 11:37am 52.7 11:38pm 3 0 0.62 6 20 10:48pm SE 29.92 94 23 49.7 53.2 12:25pm 44.1 11:59pm 15 0 0.00 5 18 1:09pm NW 30.18 88 24 49.1 63.8 2:30pm 37.6 4:23am 16 0 0.01 2 16 11:16am ESE 30.32 75 25 52.6 64.6 2:22pm 40.4 4:26am 12 0 0.00 5 19 10:28am SE 30.23 67 26 61.7 71.6 12:52pm 50.3 6:03am 5 1 0.00 8 30 11:47pm SE 30.05 70 27 51.1 62.7 12:00am 39.6 11:52pm 14 0 1.10 6 22 12:00am NW 29.88 95 28 37.3 40.7 12:19pm 32.9 11:35pm 27 0 0.43 6 17 11:48am NW 29.79 96 29 34.3 36.6 2:41pm 32.5 3:08am 30 0 0.04 5 21 2:44pm W 29.89 96 30 36.4 47.1 3:42pm 28.8 11:57pm 28 0 0.00 3 15 8:43am WNW 30.16 82 --------------------------------------------------------------------------------------- TOT 52.7 76.5 11/14/11 25.3 11/11/11 381 14 4.45 5 30 11/14/11 SE 30.09 75 HEAT BASE: 65.0 COOL BASE: 65.0