NOAA-Style Climate Reports

2014: Jan | Feb | Mar | Apr | May | Jun | Jul | Aug | Sep | Oct | Nov | Dec 
2013: Jan | Feb | Mar | Apr | May | Jun | Jul | Aug | Sep | Oct | Nov | Dec 
2012: Jan | Feb | Mar | Apr | May | Jun | Jul | Aug | Sep | Oct | Nov | Dec 
2011: Jan | Feb | Mar | Apr | May | Jun | Jul | Aug | Sep | Oct | Nov | Dec 
2010: Jan | Feb | Mar | Apr | May | Jun | Jul | Aug | Sep | Oct | Nov | Dec 
2009: Jan | Feb | Mar | Apr | May | Jun | Jul | Aug | Sep | Oct | Nov | Dec 

Report for 2011 12
MONTHLY CLIMATOLOGICAL SUMMARY FOR 12/2011 HEAT COOL MEAN DEG DEG WIND SPEED DOM MEAN MEAN DAY TEMP HIGH TIME LOW TIME DAYS DAYS RAIN AVG HI TIME DIR BAROM HUM --------------------------------------------------------------------------------------- 1 39.8 57.5 3:06pm 26.0 5:22am 25 0 0.01 1 7 8:43am NNE 30.32 72 2 46.9 61.1 2:32pm 32.4 4:35am 18 0 0.00 1 7 11:03am ESE 30.41 61 3 51.9 63.0 3:10pm 42.1 6:17am 13 0 0.00 6 24 12:00pm SE 30.35 53 4 58.6 67.7 1:07pm 51.0 6:43am 7 0 0.00 9 27 12:39pm SE 30.17 64 5 55.1 64.1 12:07pm 41.5 11:27pm 10 0 1.71 8 24 11:12am SE 29.99 89 6 41.6 43.3 11:43am 40.4 7:19am 23 0 0.18 4 14 1:36am NW 30.06 97 7 36.1 40.5 12:00am 29.3 11:36pm 29 0 0.24 4 22 11:58am WNW 30.10 95 8 33.8 46.5 3:48pm 24.7 6:07am 31 0 0.01 1 8 1:38pm ESE 30.32 80 9 37.4 47.8 1:04pm 26.8 6:57am 27 0 0.00 2 12 10:43pm NW 30.31 73 10 34.6 42.7 1:46pm 28.0 11:51pm 30 0 0.00 5 18 6:39am N 30.49 72 11 36.6 50.5 3:10pm 24.3 5:38am 28 0 0.00 3 14 10:25am NNE 30.47 66 12 44.6 50.0 12:44pm 35.5 1:50am 20 0 0.00 3 11 11:04am ESE 30.41 79 13 51.2 59.5 3:07pm 46.5 6:34am 14 0 0.00 2 8 12:36am ESE 30.40 89 14 57.0 68.8 2:07pm 47.3 6:00am 8 0 0.00 6 19 9:47am SE 30.22 78 15 59.9 63.6 12:34pm 55.1 11:59pm 5 0 0.36 6 21 5:01am SSE 30.09 92 16 42.2 55.1 12:00am 34.6 11:56pm 23 0 0.64 6 19 5:06am NNW 30.23 95 17 37.5 48.4 3:18pm 29.0 6:57am 28 0 0.00 2 14 12:26am WNW 30.36 73 18 42.3 55.2 1:57pm 29.7 6:48am 23 0 0.00 2 9 2:47pm SE 30.35 73 19 46.5 57.2 2:19pm 37.5 5:34am 18 0 0.00 5 14 11:41am SE 30.19 66 20 55.9 61.6 10:24pm 45.3 12:00am 9 0 0.08 6 23 10:39pm SE 30.00 88 21 53.4 61.9 3:03am 45.0 11:05pm 12 0 1.33 5 30 2:49am SW 29.90 87 22 45.9 47.1 1:50pm 44.4 1:41am 19 0 1.40 4 16 11:56am NW 30.01 95 23 41.7 45.3 12:00am 38.0 11:51pm 23 0 0.00 4 14 12:39am NNW 30.31 90 24 39.9 51.4 2:28pm 33.1 7:41am 25 0 0.00 2 11 4:12am NNE 30.42 80 25 42.6 50.9 3:03pm 34.5 11:15pm 22 0 0.00 1 10 7:26am N 30.36 79 26 39.5 43.3 11:23pm 34.5 12:43am 25 0 1.09 6 25 7:37pm ESE 30.18 81 27 42.1 46.6 3:50am 37.8 11:29am 23 0 0.45 7 28 10:00am W 29.88 90 28 39.1 48.8 3:48pm 29.9 6:40am 26 0 0.00 1 11 1:03pm SW 30.12 81 29 42.9 55.8 3:27pm 31.3 6:54am 22 0 0.00 4 15 1:28pm SSE 30.01 78 30 49.0 57.6 3:17pm 42.0 1:40am 16 0 0.00 6 22 11:58am SW 29.92 86 31 49.5 60.6 3:16pm 38.5 7:00am 15 0 0.01 3 13 1:09pm SE 30.06 70 --------------------------------------------------------------------------------------- TOT 45.0 68.8 12/14/11 24.3 12/11/11 616 1 7.51 4 28 12/27/11 SE 30.21 80 HEAT BASE: 65.0 COOL BASE: 65.0