NOAA-Style Climate Reports

2014: Jan | Feb | Mar | Apr | May | Jun | Jul | Aug | Sep | Oct | Nov | Dec 
2013: Jan | Feb | Mar | Apr | May | Jun | Jul | Aug | Sep | Oct | Nov | Dec 
2012: Jan | Feb | Mar | Apr | May | Jun | Jul | Aug | Sep | Oct | Nov | Dec 
2011: Jan | Feb | Mar | Apr | May | Jun | Jul | Aug | Sep | Oct | Nov | Dec 
2010: Jan | Feb | Mar | Apr | May | Jun | Jul | Aug | Sep | Oct | Nov | Dec 
2009: Jan | Feb | Mar | Apr | May | Jun | Jul | Aug | Sep | Oct | Nov | Dec 

Report for 2012 01
MONTHLY CLIMATOLOGICAL SUMMARY FOR 1/2012 HEAT COOL MEAN DEG DEG WIND SPEED DOM MEAN MEAN DAY TEMP HIGH TIME LOW TIME DAYS DAYS RAIN AVG HI TIME DIR BAROM HUM --------------------------------------------------------------------------------------- 1 52.8 62.0 6:59am 38.6 11:56pm 12 0 0.00 8 30 8:33am WNW 30.13 62 2 33.5 40.0 12:25pm 26.0 10:57pm 32 0 0.00 7 33 1:28pm WNW 30.32 43 3 25.9 36.7 3:23pm 16.6 6:28am 38 0 0.00 4 26 12:00am NW 30.47 53 4 36.5 49.6 1:11pm 23.3 5:38am 28 0 0.00 5 27 12:52pm SSE 30.28 65 5 44.4 58.8 3:06pm 31.7 6:24am 21 0 0.00 2 11 4:03pm SW 30.18 69 6 50.1 64.7 2:02pm 34.3 4:54am 15 0 0.00 4 19 2:22pm SSE 30.04 75 7 55.0 58.1 9:55am 48.6 11:59pm 10 0 0.42 3 13 12:30pm SW 30.02 93 8 47.3 51.4 2:53pm 44.1 3:16am 18 0 0.20 3 12 4:17am NE 30.14 90 9 51.0 54.7 10:45am 48.3 12:00am 14 0 0.21 1 7 9:55am NNE 30.11 96 10 51.8 56.9 11:57pm 47.5 7:03am 13 0 0.34 5 17 9:55pm NE 29.93 94 11 51.0 58.1 4:03am 45.2 7:08pm 14 0 1.17 7 23 11:12am SW 29.58 96 12 35.9 46.2 2:30am 23.9 10:34pm 29 0 0.03 7 32 2:11pm W 29.77 89 13 28.1 35.2 3:20pm 23.6 2:08am 37 0 0.00 5 26 12:25am SW 30.15 69 14 38.3 54.9 3:26pm 24.1 5:47am 27 0 0.00 6 33 1:47pm W 30.20 59 15 37.5 49.3 3:30pm 25.9 5:49am 25 0 0.00 3 12 9:03am SE 30.40 64 16 56.9 57.9 6:13pm 42.7 12:37am 3 0 0.07 10 25 7:08pm SSE 30.13 72 17 53.4 62.6 11:59am 32.1 11:57pm 12 0 0.46 9 25 1:54am NW 30.02 88 18 31.8 38.0 3:27pm 27.6 7:59am 33 0 0.00 4 19 12:35am NNW 30.21 76 19 42.0 55.3 3:17pm 28.1 3:40am 23 0 0.00 4 15 1:54pm SSE 30.06 70 20 54.5 63.5 11:57pm 45.8 3:01am 11 0 0.04 4 18 11:57pm SE 29.92 88 21 45.6 65.8 2:43am 36.5 8:44pm 19 0 0.79 6 24 1:53am NNW 29.95 94 22 50.7 62.0 11:59pm 36.9 12:01am 14 0 0.29 8 28 11:58pm SE 29.97 97 23 55.0 63.7 1:21am 41.7 10:31pm 10 0 0.95 7 29 1:53am WSW 29.90 75 24 46.5 58.7 2:48pm 34.4 6:50am 19 0 0.00 2 10 1:26pm NE 30.21 67 25 55.1 68.5 2:58pm 42.5 3:10am 10 0 0.00 6 17 1:11pm ESE 30.08 66 26 58.0 62.3 12:00am 43.0 11:53pm 7 0 0.87 8 26 7:24pm SE 29.75 93 27 44.5 53.6 3:16pm 39.8 7:09am 21 0 0.00 4 18 2:25am WNW 29.97 81 28 42.4 50.7 1:52pm 28.4 11:50pm 23 0 0.00 5 29 9:51am NW 30.23 60 29 39.6 54.0 3:02pm 24.4 4:46am 25 0 0.00 3 20 1:31pm SW 30.38 52 30 48.0 62.3 2:42pm 34.1 6:59am 17 0 0.00 4 19 3:41pm SSE 30.32 44 31 53.9 65.3 1:50pm 43.6 3:01am 11 0 0.02 5 21 2:32pm SE 30.23 49 --------------------------------------------------------------------------------------- TOT 45.5 68.5 1/25/12 16.6 1/3/12 589 0 5.86 5 32 1/2/12 SE 30.10 74 HEAT BASE: 65.0 COOL BASE: 65.0