NOAA-Style Climate Reports

2014: Jan | Feb | Mar | Apr | May | Jun | Jul | Aug | Sep | Oct | Nov | Dec 
2013: Jan | Feb | Mar | Apr | May | Jun | Jul | Aug | Sep | Oct | Nov | Dec 
2012: Jan | Feb | Mar | Apr | May | Jun | Jul | Aug | Sep | Oct | Nov | Dec 
2011: Jan | Feb | Mar | Apr | May | Jun | Jul | Aug | Sep | Oct | Nov | Dec 
2010: Jan | Feb | Mar | Apr | May | Jun | Jul | Aug | Sep | Oct | Nov | Dec 
2009: Jan | Feb | Mar | Apr | May | Jun | Jul | Aug | Sep | Oct | Nov | Dec 

Report for 2012 02
MONTHLY CLIMATOLOGICAL SUMMARY FOR 2/2012 HEAT COOL MEAN DEG DEG WIND SPEED DOM MEAN MEAN DAY TEMP HIGH TIME LOW TIME DAYS DAYS RAIN AVG HI TIME DIR BAROM HUM --------------------------------------------------------------------------------------- 1 57.8 63.7 3:12pm 52.5 12:00am 7 0 1.52 5 15 9:15pm SSE 30.08 94 2 54.0 62.7 2:43pm 47.3 7:04am 11 0 0.01 4 14 12:32pm NE 30.21 68 3 51.3 59.3 1:40pm 42.8 5:58am 14 0 0.06 6 22 10:17am ESE 30.25 67 4 53.6 57.0 11:33pm 49.9 12:00am 11 0 0.81 3 17 3:58pm SE 30.08 94 5 50.6 55.8 12:00am 42.7 10:46pm 14 0 0.00 4 14 6:19am WNW 30.12 86 6 45.3 53.5 2:43pm 36.1 11:59pm 20 0 0.00 3 12 11:54am NW 30.20 82 7 45.4 56.4 2:30pm 32.1 6:53am 20 0 0.00 2 12 12:19pm NNE 30.21 67 8 42.7 47.2 11:15am 34.9 11:58pm 22 0 0.00 6 16 10:17am NW 30.28 78 9 35.5 42.5 1:49pm 29.2 6:55am 29 0 0.00 3 13 9:51am N 30.30 77 10 34.7 40.7 1:51pm 30.0 4:51am 30 0 0.05 2 11 11:46pm SW 30.12 85 11 27.9 37.3 1:02am 20.0 11:46pm 37 0 0.01 10 28 9:40am NW 30.32 65 12 26.6 38.9 3:47pm 15.9 4:29am 38 0 0.00 3 15 8:28am NW 30.48 52 13 32.3 41.0 3:29pm 20.9 3:43am 33 0 0.09 4 16 4:59pm SE 30.22 63 14 41.4 46.3 2:42pm 36.0 12:00am 24 0 0.05 4 19 1:01am SE 30.02 94 15 49.8 59.7 3:57pm 39.6 6:24am 15 0 0.15 4 18 11:00pm ESE 30.11 83 16 53.1 59.2 12:22pm 47.2 10:40pm 11 0 0.10 6 15 12:02am NW 30.10 85 17 47.6 56.9 12:51pm 38.2 5:56am 17 0 0.00 3 14 7:06am NNE 30.13 68 18 49.0 55.8 12:48pm 40.6 5:08am 16 0 0.00 4 16 9:21pm NE 29.99 61 19 39.9 47.6 12:00am 30.1 11:59pm 25 0 0.66 7 21 10:57am NNW 29.93 88 20 40.9 54.8 3:12pm 26.9 3:57am 24 0 0.00 4 22 11:53pm SE 30.18 68 21 53.0 62.1 4:04pm 46.9 12:00am 12 0 0.01 9 29 3:31am SW 30.02 57 22 52.7 62.8 3:50pm 42.5 3:48am 12 0 0.01 4 22 9:57am SSE 29.74 77 23 64.7 79.3 3:13pm 53.2 5:30am 4 4 0.00 9 35 1:30pm SSE 29.49 76 24 50.4 69.6 12:00am 33.4 11:59pm 15 0 0.00 8 29 10:22am WNW 29.86 54 25 40.2 51.7 2:26pm 29.0 5:30am 25 0 0.00 4 26 1:50pm WNW 30.28 49 26 47.0 61.3 3:13pm 31.5 4:59am 18 0 0.00 5 20 12:35pm SE 30.30 44 27 55.7 66.9 1:40pm 43.8 3:01am 9 0 0.00 2 12 1:08pm SSE 30.33 55 28 57.8 69.4 1:08pm 45.7 5:37am 8 1 0.01 6 19 5:44pm SE 30.21 72 29 66.2 73.1 3:25pm 60.1 11:51pm 1 2 0.06 10 30 1:47pm SSW 29.89 88 --------------------------------------------------------------------------------------- TOT 47.1 79.3 2/23/12 15.9 2/12/12 524 7 3.60 5 34 2/23/12 SE 30.12 72 HEAT BASE: 65.0 COOL BASE: 65.0