NOAA-Style Climate Reports

2014: Jan | Feb | Mar | Apr | May | Jun | Jul | Aug | Sep | Oct | Nov | Dec 
2013: Jan | Feb | Mar | Apr | May | Jun | Jul | Aug | Sep | Oct | Nov | Dec 
2012: Jan | Feb | Mar | Apr | May | Jun | Jul | Aug | Sep | Oct | Nov | Dec 
2011: Jan | Feb | Mar | Apr | May | Jun | Jul | Aug | Sep | Oct | Nov | Dec 
2010: Jan | Feb | Mar | Apr | May | Jun | Jul | Aug | Sep | Oct | Nov | Dec 
2009: Jan | Feb | Mar | Apr | May | Jun | Jul | Aug | Sep | Oct | Nov | Dec 

Report for 2012 03
MONTHLY CLIMATOLOGICAL SUMMARY FOR 3/2012 HEAT COOL MEAN DEG DEG WIND SPEED DOM MEAN MEAN DAY TEMP HIGH TIME LOW TIME DAYS DAYS RAIN AVG HI TIME DIR BAROM HUM --------------------------------------------------------------------------------------- 1 60.8 72.0 3:57pm 45.7 6:24am 5 1 0.00 3 12 12:04am ESE 29.86 43 2 66.8 78.7 2:10pm 47.7 11:58pm 2 3 0.20 10 34 2:10pm SSW 29.63 80 3 45.7 54.7 4:08pm 35.0 6:18am 19 0 0.00 6 25 12:59am WNW 29.88 52 4 44.6 54.5 3:36pm 30.7 6:07am 20 0 0.00 6 26 11:17pm W 29.98 47 5 45.8 52.6 3:38pm 37.6 11:38pm 19 0 0.00 6 27 3:13am NW 30.30 47 6 50.3 65.1 2:47pm 35.4 5:49am 15 0 0.00 7 23 2:37pm SE 30.38 43 7 59.3 69.4 1:50pm 48.4 5:41am 6 1 0.00 9 26 8:44am SE 30.29 64 8 58.5 70.1 12:33pm 40.5 11:52pm 7 0 1.60 9 31 6:30pm SE 30.13 81 9 46.4 58.3 3:44pm 37.7 6:05am 19 0 0.01 9 24 1:06pm N 30.36 60 10 50.5 64.9 2:46pm 35.9 6:08am 15 0 0.00 4 13 10:36am E 30.36 47 11 57.7 66.1 1:44pm 47.1 3:39am 7 0 0.00 9 24 2:01pm ESE 30.27 63 12 62.8 68.1 5:44pm 59.0 1:05am 3 0 0.05 7 23 11:31am SE 30.12 88 13 67.7 76.6 4:54pm 61.8 12:19am 1 4 0.00 4 15 11:06am SW 30.13 78 14 67.1 80.6 2:44pm 56.2 6:04am 2 4 0.04 3 16 2:47pm SE 30.15 82 15 68.1 81.3 2:48pm 60.4 11:59pm 1 4 0.28 4 21 5:28pm SSE 30.16 82 16 65.0 74.6 4:04pm 58.6 6:45am 2 2 0.01 3 17 1:55pm SE 30.12 81 17 69.4 80.0 2:08pm 58.6 6:11am 1 6 0.00 2 17 12:46pm ESE 30.11 74 18 70.1 80.7 4:11pm 60.7 6:50am 1 6 0.00 3 15 2:37pm SE 30.11 62 19 70.6 81.0 4:41pm 60.9 7:26am 0 6 0.00 5 18 2:58pm SE 30.05 62 20 72.0 81.9 3:41pm 61.3 6:11am 0 7 0.00 7 28 2:04pm ESE 29.99 61 21 70.8 76.7 2:32pm 63.6 6:54am 0 6 0.00 8 24 12:19pm ESE 30.01 66 22 65.7 70.2 12:01am 61.6 9:55pm 1 1 0.24 8 26 3:31pm SE 30.01 84 23 67.1 77.8 3:59pm 57.1 11:55pm 2 4 0.03 6 22 2:12pm SE 29.91 73 24 56.4 64.9 12:55pm 48.5 11:56pm 9 0 0.24 3 27 2:59pm WSW 29.86 77 25 60.1 73.5 4:21pm 45.6 3:57am 7 2 0.00 2 13 2:34pm NNW 29.93 77 26 63.9 75.5 4:26pm 52.8 4:08am 4 3 0.00 4 17 10:15am NNE 30.04 70 27 66.6 80.0 4:29pm 52.0 6:51am 3 5 0.00 4 15 10:35am NE 30.08 60 28 69.3 81.4 3:19pm 59.1 5:13am 1 6 0.00 4 17 1:57pm SW 30.02 65 29 68.7 80.5 1:11pm 56.3 6:51am 2 5 0.00 2 10 10:54am SSE 29.94 68 30 63.8 68.8 5:08pm 61.2 2:55am 2 0 0.30 2 16 3:28pm SE 29.85 91 31 65.0 77.4 12:38pm 58.2 11:41pm 2 2 0.01 3 20 4:03pm SW 29.83 88 --------------------------------------------------------------------------------------- TOT 61.8 81.9 3/20/12 30.7 3/4/12 178 79 3.01 5 31 3/2/12 SE 30.06 68 HEAT BASE: 65.0 COOL BASE: 65.0