NOAA-Style Climate Reports

2014: Jan | Feb | Mar | Apr | May | Jun | Jul | Aug | Sep | Oct | Nov | Dec 
2013: Jan | Feb | Mar | Apr | May | Jun | Jul | Aug | Sep | Oct | Nov | Dec 
2012: Jan | Feb | Mar | Apr | May | Jun | Jul | Aug | Sep | Oct | Nov | Dec 
2011: Jan | Feb | Mar | Apr | May | Jun | Jul | Aug | Sep | Oct | Nov | Dec 
2010: Jan | Feb | Mar | Apr | May | Jun | Jul | Aug | Sep | Oct | Nov | Dec 
2009: Jan | Feb | Mar | Apr | May | Jun | Jul | Aug | Sep | Oct | Nov | Dec 

Report for 2012 04
MONTHLY CLIMATOLOGICAL SUMMARY FOR 4/2012 HEAT COOL MEAN DEG DEG WIND SPEED DOM MEAN MEAN DAY TEMP HIGH TIME LOW TIME DAYS DAYS RAIN AVG HI TIME DIR BAROM HUM --------------------------------------------------------------------------------------- 1 68.2 82.5 4:11pm 53.0 6:53am 3 7 0.01 3 16 12:48pm SSE 29.79 78 2 72.0 83.0 3:06pm 61.4 5:55am 0 7 0.00 2 16 11:26am SSE 29.79 77 3 69.7 81.4 4:16pm 58.2 6:49am 1 6 0.00 2 14 4:34pm SW 29.86 74 4 68.0 81.7 3:09pm 58.0 7:01am 2 5 0.00 2 15 3:09pm SW 29.76 80 5 62.2 73.0 3:59pm 53.7 11:43pm 4 1 0.00 3 24 5:48pm SW 29.69 84 6 55.1 65.0 4:27pm 45.1 6:41am 10 0 0.00 6 19 4:12pm NNE 29.97 64 7 58.8 73.2 3:53pm 43.2 6:53am 8 2 0.00 2 17 2:20pm NNE 30.16 66 8 60.1 71.9 3:25pm 50.7 3:12am 6 1 0.00 2 13 2:58pm NW 30.17 68 9 57.7 72.3 5:10pm 40.0 6:45am 9 2 0.00 2 17 1:53pm WNW 30.10 59 10 58.7 71.3 2:15pm 48.3 1:36am 7 1 0.00 3 19 4:54pm NW 30.04 59 11 50.1 61.4 3:27pm 35.0 6:30am 15 0 0.00 4 22 12:31pm NW 30.12 52 12 47.8 64.0 5:14pm 30.4 5:44am 18 0 0.00 2 11 9:04am N 30.18 60 13 58.4 72.7 4:11pm 41.2 4:15am 8 2 0.00 2 13 10:45am ESE 30.14 54 14 66.3 78.0 4:06pm 53.8 6:20am 3 4 0.00 6 22 12:11pm SE 30.09 62 15 69.3 79.1 4:39pm 59.9 6:39am 1 5 0.00 8 23 7:56am SE 29.99 75 16 66.4 73.0 4:17pm 59.6 11:29pm 1 2 0.13 6 23 3:36am SW 30.05 82 17 56.0 59.7 12:00am 51.9 10:56pm 9 0 0.38 4 16 2:55pm NNE 30.18 91 18 59.5 70.5 3:37pm 49.6 6:36am 7 1 0.00 4 16 1:23pm N 30.08 71 19 62.2 75.1 3:25pm 47.1 3:22am 5 3 0.00 2 12 12:37pm ESE 29.96 68 20 64.0 75.3 3:28pm 54.9 6:29am 3 2 0.00 3 16 2:20pm SE 29.82 82 21 50.7 59.3 12:00am 46.0 11:59pm 14 0 0.54 6 19 3:30am NNW 29.84 91 22 49.5 61.4 3:26pm 39.9 6:31am 15 0 0.05 5 23 2:46pm NW 29.86 79 23 48.3 58.5 3:23pm 38.5 6:34am 17 0 0.00 6 28 10:34am NW 29.94 61 24 55.3 69.6 5:11pm 37.1 3:59am 10 1 0.00 4 21 10:36am W 29.90 62 25 67.3 80.3 2:46pm 53.2 2:04am 3 6 0.00 6 23 1:30pm SW 29.80 68 26 70.1 74.6 12:42pm 66.2 6:32am 0 5 0.00 7 22 3:15am SW 29.84 79 27 67.4 75.2 4:57pm 60.2 8:18am 1 3 0.00 3 15 5:14am NE 29.95 83 28 70.5 81.7 4:30pm 60.9 6:08am 0 6 0.00 5 19 4:59pm SSE 29.97 76 29 72.1 83.8 4:52pm 62.3 6:17am 0 8 0.00 2 19 12:11pm SW 30.04 71 30 73.0 84.1 4:52pm 58.2 5:22am 1 9 0.00 4 17 12:52pm SW 30.02 74 --------------------------------------------------------------------------------------- TOT 61.8 84.1 4/30/12 30.4 4/12/12 182 88 1.11 4 28 4/23/12 SE 29.97 72 HEAT BASE: 65.0 COOL BASE: 65.0