NOAA-Style Climate Reports

2014: Jan | Feb | Mar | Apr | May | Jun | Jul | Aug | Sep | Oct | Nov | Dec 
2013: Jan | Feb | Mar | Apr | May | Jun | Jul | Aug | Sep | Oct | Nov | Dec 
2012: Jan | Feb | Mar | Apr | May | Jun | Jul | Aug | Sep | Oct | Nov | Dec 
2011: Jan | Feb | Mar | Apr | May | Jun | Jul | Aug | Sep | Oct | Nov | Dec 
2010: Jan | Feb | Mar | Apr | May | Jun | Jul | Aug | Sep | Oct | Nov | Dec 
2009: Jan | Feb | Mar | Apr | May | Jun | Jul | Aug | Sep | Oct | Nov | Dec 

Report for 2012 05
MONTHLY CLIMATOLOGICAL SUMMARY FOR 5/2012 HEAT COOL MEAN DEG DEG WIND SPEED DOM MEAN MEAN DAY TEMP HIGH TIME LOW TIME DAYS DAYS RAIN AVG HI TIME DIR BAROM HUM --------------------------------------------------------------------------------------- 1 74.8 85.5 4:31pm 61.4 6:06am 0 10 0.00 3 18 2:49pm SSE 29.98 71 2 75.6 87.0 2:48pm 64.1 6:12am 0 11 0.00 3 16 11:45am SE 29.99 73 3 69.5 74.8 1:36pm 65.7 7:55am 0 4 0.42 5 20 10:24am SE 30.02 88 4 72.9 83.4 5:18pm 65.3 4:26am 0 8 0.01 3 13 8:35am SE 29.99 85 5 74.3 85.8 5:08pm 64.9 5:59am 0 9 0.00 2 16 2:18pm SW 29.91 83 6 72.7 85.7 2:03pm 65.3 6:41am 0 8 0.01 2 17 4:33am SE 29.89 79 7 68.0 73.6 11:33am 62.7 6:12am 0 3 0.22 3 19 1:47pm SE 29.85 89 8 68.3 77.4 4:45pm 60.0 5:43am 1 4 0.01 2 13 5:58pm NNW 29.86 84 9 65.5 75.1 1:37pm 57.8 6:31am 2 3 0.04 3 19 12:55pm NNW 29.86 65 10 62.1 74.2 4:18pm 46.8 4:38am 5 2 0.00 2 14 1:19pm N 29.92 63 11 64.0 75.2 3:42pm 52.2 6:12am 4 3 0.00 3 14 11:59am NE 30.05 58 12 65.7 77.1 2:06pm 60.4 12:19am 1 2 0.84 3 18 1:16pm ESE 30.09 79 13 65.0 69.8 3:08pm 61.0 10:19pm 1 1 0.99 5 16 3:29am SE 29.96 93 14 65.1 72.6 4:16pm 60.4 4:13am 2 2 0.01 4 17 4:33pm NW 29.94 89 15 68.0 77.4 4:19pm 59.5 6:23am 1 4 0.00 2 15 3:43pm NNW 29.96 77 16 69.7 81.7 4:09pm 56.4 5:59am 2 7 0.00 2 11 12:58pm WNW 29.95 68 17 70.3 84.0 3:45pm 57.3 5:33am 2 7 0.48 1 19 4:40pm NE 29.93 70 18 72.1 85.2 4:34pm 60.2 2:58am 1 8 0.00 2 13 1:31pm ESE 29.95 72 19 72.9 85.0 4:31pm 62.9 6:09am 0 8 0.00 3 14 9:28am ESE 30.02 73 20 71.5 84.0 1:20pm 60.5 3:22am 1 7 0.08 1 12 2:16pm E 30.04 79 21 69.4 79.3 2:13pm 59.7 11:51pm 1 5 1.04 3 35 7:56pm WNW 29.98 80 22 66.0 75.8 3:56pm 59.2 11:37pm 2 3 0.01 3 13 2:47pm NW 29.89 79 23 67.6 80.4 5:23pm 50.7 5:47am 3 6 0.00 2 12 11:58am ESE 29.84 67 24 73.3 85.9 4:03pm 58.6 5:36am 1 10 0.00 5 17 2:05pm SE 29.83 71 25 77.8 87.8 4:29pm 67.7 5:50am 0 13 0.00 4 16 12:44pm SE 29.98 70 26 77.6 90.2 4:21pm 63.5 5:32am 0 13 0.00 1 10 11:29am SW 30.05 72 27 79.2 90.8 5:25pm 65.6 4:24am 0 14 0.00 1 9 11:19am NE 29.97 70 28 79.9 89.7 2:41pm 70.7 4:57am 0 15 0.00 2 14 8:57am ESE 29.88 71 29 76.1 87.9 4:09pm 64.0 11:54pm 0 11 0.31 3 42 7:22pm SE 29.82 78 30 73.6 88.1 4:24pm 60.4 5:53am 1 10 0.02 2 9 1:23pm NNE 29.82 75 31 73.6 85.9 2:51pm 65.0 5:44am 0 9 0.00 4 21 5:59pm SSE 29.74 76 --------------------------------------------------------------------------------------- TOT 71.0 90.8 5/27/12 46.8 5/10/12 32 220 4.49 3 37 5/29/12 SE 29.93 76 HEAT BASE: 65.0 COOL BASE: 65.0