NOAA-Style Climate Reports

2014: Jan | Feb | Mar | Apr | May | Jun | Jul | Aug | Sep | Oct | Nov | Dec 
2013: Jan | Feb | Mar | Apr | May | Jun | Jul | Aug | Sep | Oct | Nov | Dec 
2012: Jan | Feb | Mar | Apr | May | Jun | Jul | Aug | Sep | Oct | Nov | Dec 
2011: Jan | Feb | Mar | Apr | May | Jun | Jul | Aug | Sep | Oct | Nov | Dec 
2010: Jan | Feb | Mar | Apr | May | Jun | Jul | Aug | Sep | Oct | Nov | Dec 
2009: Jan | Feb | Mar | Apr | May | Jun | Jul | Aug | Sep | Oct | Nov | Dec 

Report for 2012 06
MONTHLY CLIMATOLOGICAL SUMMARY FOR 6/2012 HEAT COOL MEAN DEG DEG WIND SPEED DOM MEAN MEAN DAY TEMP HIGH TIME LOW TIME DAYS DAYS RAIN AVG HI TIME DIR BAROM HUM --------------------------------------------------------------------------------------- 1 61.2 66.2 2:52am 53.9 10:50pm 4 0 0.05 4 21 3:55am WNW 29.82 84 2 62.9 75.0 4:54pm 47.7 5:12am 5 3 0.00 2 19 12:07pm SW 29.93 76 3 71.2 83.6 1:21pm 57.4 3:02am 2 8 2.17 3 18 11:22pm SW 29.89 80 4 70.8 80.8 4:58pm 65.8 7:25am 0 6 0.63 2 10 12:08am SW 29.80 89 5 70.8 79.7 4:06pm 64.0 11:54pm 0 6 0.44 4 20 4:04am NE 29.75 79 6 67.9 76.6 2:07pm 57.8 5:43am 2 5 0.00 4 16 12:04pm NNE 29.87 66 7 69.4 81.0 5:01pm 57.8 4:29am 2 6 0.00 3 13 7:07pm NNE 29.96 68 8 72.9 83.4 5:27pm 61.4 5:31am 0 8 0.00 2 11 10:57am NE 29.96 62 9 73.9 83.8 3:14pm 64.5 5:26am 0 9 0.00 4 18 3:20pm ESE 29.94 65 10 70.3 75.5 2:29pm 66.9 3:38am 0 5 0.22 4 15 2:23am ESE 29.91 89 11 73.1 84.0 4:55pm 66.2 11:22pm 0 8 0.14 5 47 5:57pm SW 29.92 88 12 71.4 81.2 5:07pm 63.5 5:34am 0 6 0.01 4 15 1:20pm WNW 29.96 84 13 73.7 84.6 3:45pm 61.8 6:08am 0 9 0.00 3 18 1:11pm NNW 29.96 63 14 76.7 91.3 6:08pm 64.1 5:39am 0 12 0.00 2 11 12:51pm NNE 29.96 63 15 77.6 87.7 5:18pm 68.6 5:38am 0 13 0.00 5 17 1:03pm SE 30.01 75 16 76.8 85.7 4:25pm 68.5 5:35am 0 12 0.00 3 16 9:45am SE 30.08 71 17 76.4 85.7 4:18pm 66.7 5:31am 0 11 0.00 3 17 12:35pm SSE 30.00 67 18 77.1 87.3 3:30pm 66.0 5:56am 0 12 0.00 3 17 2:16pm SE 29.95 69 19 78.4 88.3 3:13pm 67.1 5:56am 0 13 0.00 3 16 1:56pm SE 30.03 64 20 77.9 88.1 4:08pm 66.0 4:19am 0 13 0.00 3 14 2:08pm ESE 30.04 66 21 78.6 89.3 5:22pm 66.0 5:39am 0 14 0.00 1 10 2:21pm WNW 29.96 67 22 79.9 91.3 3:01pm 68.9 4:50am 0 15 0.00 3 14 4:57pm NNW 29.87 65 23 80.6 94.6 5:23pm 68.3 5:02am 0 16 0.00 3 15 10:06am NNE 29.87 54 24 83.2 96.7 3:36pm 69.0 5:27am 0 18 0.00 3 16 5:10pm NNE 29.85 47 25 84.2 95.3 2:28pm 73.0 5:21am 0 19 0.00 4 22 4:13pm NNE 29.74 49 26 78.0 88.9 3:24pm 67.0 11:49pm 0 13 0.00 5 20 1:12pm NNE 29.77 45 27 78.0 95.5 5:00pm 59.7 5:46am 0 13 0.00 2 11 9:23am NE 29.90 47 28 83.4 99.9 4:55pm 62.5 5:53am 0 18 0.00 2 14 11:37am SW 29.95 50 29 88.4 104.2 4:47pm 73.9 6:10am 0 23 0.00 2 13 11:26am SW 29.86 49 30 89.0 102.2 4:14pm 76.8 5:11am 0 24 0.00 2 15 12:24pm SW 29.82 52 --------------------------------------------------------------------------------------- TOT 75.8 104.2 6/29/12 47.7 6/2/12 15 339 3.66 3 38 6/11/12 SE 29.91 67 HEAT BASE: 65.0 COOL BASE: 65.0