NOAA-Style Climate Reports

2014: Jan | Feb | Mar | Apr | May | Jun | Jul | Aug | Sep | Oct | Nov | Dec 
2013: Jan | Feb | Mar | Apr | May | Jun | Jul | Aug | Sep | Oct | Nov | Dec 
2012: Jan | Feb | Mar | Apr | May | Jun | Jul | Aug | Sep | Oct | Nov | Dec 
2011: Jan | Feb | Mar | Apr | May | Jun | Jul | Aug | Sep | Oct | Nov | Dec 
2010: Jan | Feb | Mar | Apr | May | Jun | Jul | Aug | Sep | Oct | Nov | Dec 
2009: Jan | Feb | Mar | Apr | May | Jun | Jul | Aug | Sep | Oct | Nov | Dec 

Report for 2012 07
MONTHLY CLIMATOLOGICAL SUMMARY FOR 7/2012 HEAT COOL MEAN DEG DEG WIND SPEED DOM MEAN MEAN DAY TEMP HIGH TIME LOW TIME DAYS DAYS RAIN AVG HI TIME DIR BAROM HUM --------------------------------------------------------------------------------------- 1 88.4 101.1 3:56pm 75.2 3:49am 0 23 0.00 2 13 2:37pm WNW 29.90 56 2 84.0 95.5 4:37pm 74.5 5:51am 0 19 0.00 3 16 4:56pm SW 29.96 66 3 84.0 96.4 3:58pm 71.1 6:02am 0 18 0.00 3 21 3:06pm W 29.94 58 4 83.9 98.9 3:19pm 71.6 4:08am 0 19 0.00 3 20 4:05pm SW 29.92 63 5 84.0 97.0 12:33pm 75.0 5:50am 0 19 0.05 3 22 3:22pm WNW 29.92 67 6 80.1 97.7 12:39pm 71.0 5:45am 0 15 0.34 4 33 2:07pm WNW 29.91 75 7 82.3 97.4 2:49pm 69.7 5:09am 0 17 0.00 2 13 4:13pm WNW 29.93 71 8 80.4 91.4 2:21pm 74.0 6:58am 0 15 0.07 3 14 1:44pm SW 29.93 80 9 78.2 88.5 4:49pm 72.0 4:05am 0 13 0.01 3 13 8:11pm SW 29.90 82 10 76.3 90.5 2:05pm 69.7 6:14am 0 11 1.05 2 14 4:45pm SE 29.91 83 11 72.0 77.4 4:47pm 69.3 1:02am 0 7 0.26 4 14 7:12pm ESE 29.96 90 12 70.7 74.0 5:59pm 68.8 6:58am 0 6 1.14 3 12 12:17pm ESE 29.97 92 13 76.9 87.1 5:50pm 70.8 5:51am 0 12 0.02 4 15 1:50pm SSE 30.00 80 14 75.7 87.6 1:32pm 70.1 9:20pm 0 11 2.24 4 17 10:56am SE 30.03 86 15 79.1 90.0 6:15pm 70.1 4:12am 0 14 0.00 3 16 3:21pm SE 30.05 78 16 81.4 91.2 3:56pm 70.6 5:54am 0 16 0.00 2 12 4:52pm SW 29.99 77 17 79.4 91.2 5:18pm 69.0 5:52am 0 14 0.01 2 23 6:25pm W 29.93 79 18 77.2 91.6 3:11pm 71.2 6:31pm 0 12 1.46 2 25 4:36pm SE 29.95 85 19 79.2 91.1 4:52pm 70.1 4:30am 0 14 0.01 4 13 11:23am SSW 29.95 84 20 79.3 88.8 4:58pm 69.5 6:29am 0 14 0.38 4 19 8:39am SW 29.90 84 21 77.7 88.1 2:02pm 70.7 6:13am 0 13 0.59 2 22 2:43pm E 29.94 87 22 77.1 85.4 3:33pm 71.2 5:49am 0 12 0.10 3 15 12:13pm SE 30.06 88 23 81.1 90.6 4:06pm 71.1 6:00am 0 16 0.00 2 12 1:55pm SW 30.09 78 24 81.8 90.9 6:13pm 72.7 6:01am 0 17 0.00 2 13 10:26am SW 29.99 79 25 82.5 91.9 2:19pm 73.1 5:51am 0 17 0.00 2 15 2:11pm SW 29.90 78 26 83.0 91.8 3:59pm 74.0 5:43am 0 18 0.00 4 15 10:03am SW 29.85 78 27 78.0 87.4 12:23pm 71.8 3:34pm 0 13 0.25 2 17 3:09pm SW 29.90 85 28 79.5 90.4 4:36pm 69.9 5:21am 0 14 0.01 2 12 4:41pm SW 29.97 80 29 76.8 87.3 1:46pm 66.3 3:55am 0 12 0.00 2 12 12:50pm NNE 29.98 76 30 78.6 90.6 6:00pm 68.4 4:40am 0 14 0.01 2 15 1:11pm SE 29.90 82 31 82.2 91.6 4:10pm 72.0 5:27am 0 17 0.22 2 14 4:55am W 29.84 78 --------------------------------------------------------------------------------------- TOT 79.7 101.1 7/1/12 66.3 7/29/12 0 455 8.22 3 32 7/6/12 SW 29.95 78 HEAT BASE: 65.0 COOL BASE: 65.0