NOAA-Style Climate Reports

2014: Jan | Feb | Mar | Apr | May | Jun | Jul | Aug | Sep | Oct | Nov | Dec 
2013: Jan | Feb | Mar | Apr | May | Jun | Jul | Aug | Sep | Oct | Nov | Dec 
2012: Jan | Feb | Mar | Apr | May | Jun | Jul | Aug | Sep | Oct | Nov | Dec 
2011: Jan | Feb | Mar | Apr | May | Jun | Jul | Aug | Sep | Oct | Nov | Dec 
2010: Jan | Feb | Mar | Apr | May | Jun | Jul | Aug | Sep | Oct | Nov | Dec 
2009: Jan | Feb | Mar | Apr | May | Jun | Jul | Aug | Sep | Oct | Nov | Dec 

Report for 2012 08
MONTHLY CLIMATOLOGICAL SUMMARY FOR 8/2012 HEAT COOL MEAN DEG DEG WIND SPEED DOM MEAN MEAN DAY TEMP HIGH TIME LOW TIME DAYS DAYS RAIN AVG HI TIME DIR BAROM HUM --------------------------------------------------------------------------------------- 1 81.0 94.9 4:13pm 72.1 5:33am 0 16 0.00 2 21 5:15pm SW 29.85 76 2 78.4 93.2 1:45pm 69.5 3:15am 0 13 0.14 2 19 4:29pm SSE 29.83 82 3 78.6 87.1 4:15pm 72.4 2:49am 0 14 0.49 4 23 9:11pm SE 29.86 88 4 76.3 89.1 1:44pm 72.3 5:40am 0 11 0.73 4 25 2:31pm SE 29.97 89 5 77.4 85.1 11:41am 74.0 11:59pm 0 12 0.03 3 15 11:28am SE 30.05 90 6 77.9 84.5 2:02pm 72.8 5:59am 0 13 0.01 2 11 3:52pm SE 30.00 88 7 80.0 89.9 12:44pm 71.2 6:33am 0 15 0.00 1 9 5:44pm NE 29.91 81 8 81.4 93.0 4:28pm 71.3 5:55am 0 16 0.01 1 7 9:10am SE 29.91 76 9 77.9 84.7 3:25pm 72.4 11:30pm 0 13 0.00 3 17 11:33am SE 29.82 84 10 74.3 83.6 12:15pm 67.9 11:59pm 0 9 0.31 2 18 2:47pm SSW 29.78 90 11 71.5 81.2 4:37pm 61.5 6:25am 0 7 0.01 3 12 8:37am NE 29.91 71 12 70.8 83.0 3:48pm 55.2 5:45am 2 8 0.02 2 9 1:29pm ESE 29.98 68 13 70.8 78.8 11:11am 63.9 6:22am 0 6 0.03 4 26 11:57am SE 29.92 86 14 74.6 83.2 3:54pm 67.3 11:01pm 0 10 0.11 3 12 1:40pm SSE 29.88 84 15 74.3 86.1 5:11pm 65.6 6:26am 0 9 0.00 1 7 12:35pm N 29.93 79 16 77.1 88.9 3:40pm 65.0 5:41am 0 12 0.00 2 13 5:08pm SSE 29.95 79 17 71.6 81.4 3:39pm 65.8 3:32am 0 7 0.02 3 25 12:20am WNW 29.92 88 18 72.5 78.9 4:39pm 67.8 7:11am 0 7 0.03 1 10 9:30am NNW 29.88 82 19 71.7 81.2 3:30pm 61.3 11:59pm 0 7 0.00 2 12 12:54pm NW 29.84 75 20 71.5 82.5 2:37pm 59.2 6:14am 1 7 0.00 1 11 12:26pm NE 29.91 66 21 71.8 83.4 3:52pm 58.9 6:28am 1 8 0.00 2 11 12:39pm NE 29.99 65 22 73.2 86.4 5:59pm 59.4 5:42am 1 9 0.00 1 10 12:44pm SE 30.04 67 23 75.1 88.7 4:22pm 62.5 6:01am 0 10 0.00 1 10 10:45am SE 30.04 69 24 75.5 86.9 2:02pm 62.4 5:47am 0 11 0.00 1 11 1:57pm SE 30.02 74 25 72.9 83.3 3:07pm 66.4 11:56pm 0 8 0.19 3 18 4:59pm ESE 30.03 85 26 75.7 87.4 2:26pm 65.7 3:16am 0 11 0.00 2 10 11:14am SE 30.05 79 27 77.8 90.0 4:51pm 66.0 5:06am 0 13 0.00 1 11 12:58pm ESE 29.98 73 28 77.9 88.9 3:23pm 68.2 5:10am 0 13 0.00 2 12 3:44pm NE 29.90 79 29 79.4 89.4 3:44pm 71.2 6:23am 0 14 0.00 2 12 2:20pm NE 29.88 79 30 76.7 82.2 11:47am 72.6 3:53am 0 12 0.00 4 22 11:06am ESE 29.93 87 31 77.5 81.8 1:27pm 75.3 12:05am 0 12 0.58 6 18 4:20am SE 30.05 89 --------------------------------------------------------------------------------------- TOT 75.6 94.9 8/1/12 55.2 8/12/12 6 333 2.71 2 25 8/13/12 SE 29.94 80 HEAT BASE: 65.0 COOL BASE: 65.0